{"id":11399,"date":"2023-03-10T01:24:52","date_gmt":"2023-03-10T01:24:52","guid":{"rendered":"https:\/\/uttijuana.edu.mx\/?page_id=11399"},"modified":"2023-03-10T01:25:34","modified_gmt":"2023-03-10T01:25:34","slug":"ganan-estudiantes-de-utt-primer-lugar-en-torneo-de-robotica-de-uabc","status":"publish","type":"page","link":"https:\/\/uttijuana.edu.mx\/index.php\/ganan-estudiantes-de-utt-primer-lugar-en-torneo-de-robotica-de-uabc\/","title":{"rendered":"GANAN ESTUDIANTES DE UTT PRIMER LUGAR EN TORNEO DE ROB\u00d3TICA DE UABC"},"content":{"rendered":"\t\t<div data-elementor-type=\"wp-page\" data-elementor-id=\"11399\" class=\"elementor elementor-11399\" data-elementor-post-type=\"page\">\n\t\t\t\t\t\t<section class=\"elementor-section elementor-top-section elementor-element elementor-element-3894c10b elementor-section-boxed elementor-section-height-default elementor-section-height-default wpr-particle-no wpr-jarallax-no wpr-parallax-no wpr-sticky-section-no\" data-id=\"3894c10b\" data-element_type=\"section\">\n\t\t\t\t\t\t<div class=\"elementor-container elementor-column-gap-default\">\n\t\t\t\t\t<div class=\"elementor-column elementor-col-100 elementor-top-column elementor-element elementor-element-32873d70\" data-id=\"32873d70\" data-element_type=\"column\">\n\t\t\t<div class=\"elementor-widget-wrap elementor-element-populated\">\n\t\t\t\t\t\t<div class=\"elementor-element elementor-element-1d198b39 elementor-widget elementor-widget-heading\" data-id=\"1d198b39\" data-element_type=\"widget\" data-widget_type=\"heading.default\">\n\t\t\t\t<div class=\"elementor-widget-container\">\n\t\t\t\t\t<h2 class=\"elementor-heading-title elementor-size-default\">GANAN ESTUDIANTES DE UTT PRIMER LUGAR EN TORNEO DE ROB\u00d3TICA DE UABC<\/h2>\t\t\t\t<\/div>\n\t\t\t\t<\/div>\n\t\t\t\t<div class=\"elementor-element elementor-element-11f5022 elementor-widget elementor-widget-image\" data-id=\"11f5022\" data-element_type=\"widget\" data-widget_type=\"image.default\">\n\t\t\t\t<div class=\"elementor-widget-container\">\n\t\t\t\t\t\t\t\t\t\t\t\t\t\t\t<img decoding=\"async\" data-src=\"https:\/\/uttijuana.edu.mx\/wp-content\/uploads\/2023\/03\/1.jpeg\" title=\"\" alt=\"\" src=\"data:image\/gif;base64,R0lGODlhAQABAAAAACH5BAEKAAEALAAAAAABAAEAAAICTAEAOw==\" class=\"lazyload\" \/>\t\t\t\t\t\t\t\t\t\t\t\t\t\t\t<\/div>\n\t\t\t\t<\/div>\n\t\t\t\t<div class=\"elementor-element elementor-element-54d38dc elementor-widget elementor-widget-heading\" data-id=\"54d38dc\" data-element_type=\"widget\" data-widget_type=\"heading.default\">\n\t\t\t\t<div class=\"elementor-widget-container\">\n\t\t\t\t\t<h5 class=\"elementor-heading-title elementor-size-default\">Jueves, 9 de marzo de 2023<\/h5>\t\t\t\t<\/div>\n\t\t\t\t<\/div>\n\t\t\t\t<div class=\"elementor-element elementor-element-61b554f1 elementor-widget elementor-widget-heading\" data-id=\"61b554f1\" data-element_type=\"widget\" data-widget_type=\"heading.default\">\n\t\t\t\t<div class=\"elementor-widget-container\">\n\t\t\t\t\t<h5 class=\"elementor-heading-title elementor-size-medium\"><blockquote>*El equipo ganador, tambi\u00e9n obtuvo el segundo lugar con el prototipo \u201cProt\u00f3n\u201d.<p> <\/p>\n\nTIJUANA.- Estudiantes de segundo cuatrimestre de Ingenier\u00eda en Mecatr\u00f3nica de la Universidad Tecnol\u00f3gica de Tijuana (UTT), obtuvieron el primer lugar en el Torneo de Rob\u00f3tica de Aniversario de la Facultad de Ciencias Qu\u00edmicas e Ingenier\u00eda de la Universidad Aut\u00f3noma de Baja California (UABC), con el prototipo \u201cGalletita\u201d.<p> <\/p>\n\nEl rector, Mtro. Salvador Morales Riub\u00ed, se reuni\u00f3 con el equipo ganador, que tambi\u00e9n obtuvo el segundo lugar con el prototipo \u201cProt\u00f3n\u201d.<p> <\/p>\n \nLes expres\u00f3 que para la UTT es motivo de orgullo que los estudiantes tengan la iniciativa de participar en competencias acad\u00e9micas, y que, adem\u00e1s, lo hagan con resultados extraordinarios.<p> <\/p>\n \n\u201cLos felicito por este gran logro que contribuye a darle prestigio a nuestra universidad. Nos sentimos muy orgullosos de ustedes y del potencial que tienen en lo individual. Los vamos a seguir apoyando para que sigan adelante en lo que est\u00e1n haciendo\u201d, coment\u00f3.<p> <\/p>\n \nLas y los estudiantes que integran el equipo compartieron que algunos se dedican a la parte del dise\u00f1o y otros a la programaci\u00f3n de los prototipos, bajo la gu\u00eda del docente Abdiel Santiago Zunun, quien es egresado de la Universidad Tecnol\u00f3gica de Tijuana y ha incentivado al alumnado a incorporarse al equipo de rob\u00f3tica.<p> <\/p>\n \nAlondra Plasencia, Aixa Capistrano, Alexis Guill\u00e9n, Brandon L\u00f3pez, Leobaldo Herrera, Gil Castillo, Edgar Jim\u00e9nez y Brayan Cruz, cursan el segundo cuatrimestre, es decir, que llevan menos de ocho meses de formaci\u00f3n profesional y ya demostraron su capacidad en un torneo regional de rob\u00f3tica, donde compiten estudiantes de otras universidades y de grados m\u00e1s avanzados.<p> <\/p>\n \nEl prototipo \u201cGalletita\u201d obtuvo el primer lugar en la categor\u00eda Seguidor de L\u00ednea Vers\u00e1til y el prototipo \u201cProt\u00f3n\u201d ocup\u00f3 el segundo lugar en la categor\u00eda Cimabot Mini.<p> <\/p>\n \nPor su parte, el secretario Acad\u00e9mico, Mart\u00edn Llamas Haro, expres\u00f3 que participar en torneos o concursos acad\u00e9micos no solo complementa su formaci\u00f3n profesional, sino que les ayuda a formar el h\u00e1bito de competir y de trabajar para obtener cada vez mejores resultados.<p> <\/p>\n \nLas y los estudiantes que integran el equipo est\u00e1n listos para participar en las eliminatorias rumbo al 11\u00ba Torneo Nacional de Rob\u00f3tica y Aeron\u00e1utica de UTT, que se celebrar\u00e1 en sus instalaciones del 22 al 25 de marzo. Es un evento abierto a la comunidad para que las familias acudan a apoyar a los participantes y las empresas detecten talentos.<p> <\/p>\n \nLas inscripciones permanecer\u00e1n abiertas hasta el 21 de marzo. Las bases pueden ser consultadas en www.uttijuana.edu.mx.<\/h5>\t\t\t\t<\/div>\n\t\t\t\t<\/div>\n\t\t\t\t\t<\/div>\n\t\t<\/div>\n\t\t\t\t\t<\/div>\n\t\t<\/section>\n\t\t\t\t<section class=\"elementor-section elementor-top-section elementor-element elementor-element-a868e20 elementor-section-boxed elementor-section-height-default elementor-section-height-default wpr-particle-no wpr-jarallax-no wpr-parallax-no wpr-sticky-section-no\" data-id=\"a868e20\" data-element_type=\"section\">\n\t\t\t\t\t\t<div class=\"elementor-container elementor-column-gap-default\">\n\t\t\t\t\t<div class=\"elementor-column elementor-col-100 elementor-top-column elementor-element elementor-element-3ea9f4e\" data-id=\"3ea9f4e\" data-element_type=\"column\">\n\t\t\t<div class=\"elementor-widget-wrap elementor-element-populated\">\n\t\t\t\t\t\t<div class=\"elementor-element elementor-element-6e8fe90 elementor-widget elementor-widget-image\" data-id=\"6e8fe90\" data-element_type=\"widget\" data-widget_type=\"image.default\">\n\t\t\t\t<div class=\"elementor-widget-container\">\n\t\t\t\t\t\t\t\t\t\t\t\t\t\t\t<img decoding=\"async\" data-src=\"https:\/\/uttijuana.edu.mx\/wp-content\/uploads\/2023\/03\/2.jpeg\" title=\"\" alt=\"\" src=\"data:image\/gif;base64,R0lGODlhAQABAAAAACH5BAEKAAEALAAAAAABAAEAAAICTAEAOw==\" class=\"lazyload\" \/>\t\t\t\t\t\t\t\t\t\t\t\t\t\t\t<\/div>\n\t\t\t\t<\/div>\n\t\t\t\t<div class=\"elementor-element elementor-element-5bb21b5 elementor-widget elementor-widget-spacer\" data-id=\"5bb21b5\" data-element_type=\"widget\" data-widget_type=\"spacer.default\">\n\t\t\t\t<div class=\"elementor-widget-container\">\n\t\t\t\t\t\t\t<div class=\"elementor-spacer\">\n\t\t\t<div class=\"elementor-spacer-inner\"><\/div>\n\t\t<\/div>\n\t\t\t\t\t\t<\/div>\n\t\t\t\t<\/div>\n\t\t\t\t\t<\/div>\n\t\t<\/div>\n\t\t\t\t\t<\/div>\n\t\t<\/section>\n\t\t\t\t<\/div>\n\t\t","protected":false},"excerpt":{"rendered":"<p>GANAN ESTUDIANTES DE UTT PRIMER LUGAR EN TORNEO DE ROB\u00d3TICA DE UABC Jueves, 9 de marzo de 2023 *El equipo ganador, tambi\u00e9n obtuvo el segundo lugar con el prototipo \u201cProt\u00f3n\u201d. TIJUANA.- Estudiantes de segundo cuatrimestre de Ingenier\u00eda en Mecatr\u00f3nica de la Universidad Tecnol\u00f3gica de Tijuana (UTT), obtuvieron el primer lugar en el Torneo de Rob\u00f3tica de Aniversario de la Facultad de Ciencias Qu\u00edmicas e Ingenier\u00eda de la Universidad Aut\u00f3noma de Baja California (UABC), con el prototipo \u201cGalletita\u201d. El rector, Mtro. Salvador Morales Riub\u00ed, se reuni\u00f3 con el equipo ganador, que tambi\u00e9n obtuvo el segundo lugar con el prototipo \u201cProt\u00f3n\u201d. Les expres\u00f3 que para la UTT es motivo de orgullo que los estudiantes tengan la iniciativa de participar en competencias acad\u00e9micas, y que, adem\u00e1s, lo hagan con resultados extraordinarios. \u201cLos felicito por este gran logro que contribuye a darle prestigio a nuestra universidad. Nos sentimos muy orgullosos de ustedes y del potencial que tienen en lo individual. Los vamos a seguir apoyando para que sigan adelante en lo que est\u00e1n haciendo\u201d, coment\u00f3. Las y los estudiantes que integran el equipo compartieron que algunos se dedican a la parte del dise\u00f1o y otros a la programaci\u00f3n de los prototipos, bajo la gu\u00eda del docente Abdiel Santiago Zunun, quien es egresado de la Universidad Tecnol\u00f3gica de Tijuana y ha incentivado al alumnado a incorporarse al equipo de rob\u00f3tica. Alondra Plasencia, Aixa Capistrano, Alexis Guill\u00e9n, Brandon L\u00f3pez, Leobaldo Herrera, Gil Castillo, Edgar Jim\u00e9nez y Brayan Cruz, cursan el segundo cuatrimestre, es decir, que llevan menos de ocho meses de formaci\u00f3n profesional y ya demostraron su capacidad en un torneo regional de rob\u00f3tica, donde compiten estudiantes de otras universidades y de grados m\u00e1s avanzados. El prototipo \u201cGalletita\u201d obtuvo el primer lugar en la categor\u00eda Seguidor de L\u00ednea Vers\u00e1til y el prototipo \u201cProt\u00f3n\u201d ocup\u00f3 el segundo lugar en la categor\u00eda Cimabot Mini. Por su parte, el secretario Acad\u00e9mico, Mart\u00edn Llamas Haro, expres\u00f3 que participar en torneos o concursos acad\u00e9micos no solo complementa su formaci\u00f3n profesional, sino que les ayuda a formar el h\u00e1bito de competir y de trabajar para obtener cada vez mejores resultados. Las y los estudiantes que integran el equipo est\u00e1n listos para participar en las eliminatorias rumbo al 11\u00ba Torneo Nacional de Rob\u00f3tica y Aeron\u00e1utica de UTT, que se celebrar\u00e1 en sus instalaciones del 22 al 25 de marzo. Es un evento abierto a la comunidad para que las familias acudan a apoyar a los participantes y las empresas detecten talentos. Las inscripciones permanecer\u00e1n abiertas hasta el 21 de marzo. Las bases pueden ser consultadas en www.uttijuana.edu.mx.<\/p>\n","protected":false},"author":2,"featured_media":0,"parent":0,"menu_order":0,"comment_status":"closed","ping_status":"closed","template":"","meta":{"_monsterinsights_skip_tracking":false,"_monsterinsights_sitenote_active":false,"_monsterinsights_sitenote_note":"","_monsterinsights_sitenote_category":0,"_uf_show_specific_survey":0,"_uf_disable_surveys":false,"site-sidebar-layout":"no-sidebar","site-content-layout":"page-builder","ast-site-content-layout":"default","site-content-style":"default","site-sidebar-style":"default","ast-global-header-display":"","ast-banner-title-visibility":"","ast-main-header-display":"","ast-hfb-above-header-display":"","ast-hfb-below-header-display":"","ast-hfb-mobile-header-display":"","site-post-title":"disabled","ast-breadcrumbs-content":"","ast-featured-img":"disabled","footer-sml-layout":"","ast-disable-related-posts":"","theme-transparent-header-meta":"","adv-header-id-meta":"","stick-header-meta":"","header-above-stick-meta":"","header-main-stick-meta":"","header-below-stick-meta":"","astra-migrate-meta-layouts":"default","ast-page-background-enabled":"default","ast-page-background-meta":{"desktop":{"background-color":"","background-image":"","background-repeat":"repeat","background-position":"center center","background-size":"auto","background-attachment":"scroll","background-type":"","background-media":"","overlay-type":"","overlay-color":"","overlay-opacity":"","overlay-gradient":""},"tablet":{"background-color":"","background-image":"","background-repeat":"repeat","background-position":"center center","background-size":"auto","background-attachment":"scroll","background-type":"","background-media":"","overlay-type":"","overlay-color":"","overlay-opacity":"","overlay-gradient":""},"mobile":{"background-color":"","background-image":"","background-repeat":"repeat","background-position":"center center","background-size":"auto","background-attachment":"scroll","background-type":"","background-media":"","overlay-type":"","overlay-color":"","overlay-opacity":"","overlay-gradient":""}},"ast-content-background-meta":{"desktop":{"background-color":"var(--ast-global-color-5)","background-image":"","background-repeat":"repeat","background-position":"center center","background-size":"auto","background-attachment":"scroll","background-type":"","background-media":"","overlay-type":"","overlay-color":"","overlay-opacity":"","overlay-gradient":""},"tablet":{"background-color":"var(--ast-global-color-5)","background-image":"","background-repeat":"repeat","background-position":"center center","background-size":"auto","background-attachment":"scroll","background-type":"","background-media":"","overlay-type":"","overlay-color":"","overlay-opacity":"","overlay-gradient":""},"mobile":{"background-color":"var(--ast-global-color-5)","background-image":"","background-repeat":"repeat","background-position":"center center","background-size":"auto","background-attachment":"scroll","background-type":"","background-media":"","overlay-type":"","overlay-color":"","overlay-opacity":"","overlay-gradient":""}},"footnotes":""},"class_list":["post-11399","page","type-page","status-publish","hentry"],"_links":{"self":[{"href":"https:\/\/uttijuana.edu.mx\/index.php\/wp-json\/wp\/v2\/pages\/11399","targetHints":{"allow":["GET"]}}],"collection":[{"href":"https:\/\/uttijuana.edu.mx\/index.php\/wp-json\/wp\/v2\/pages"}],"about":[{"href":"https:\/\/uttijuana.edu.mx\/index.php\/wp-json\/wp\/v2\/types\/page"}],"author":[{"embeddable":true,"href":"https:\/\/uttijuana.edu.mx\/index.php\/wp-json\/wp\/v2\/users\/2"}],"replies":[{"embeddable":true,"href":"https:\/\/uttijuana.edu.mx\/index.php\/wp-json\/wp\/v2\/comments?post=11399"}],"version-history":[{"count":4,"href":"https:\/\/uttijuana.edu.mx\/index.php\/wp-json\/wp\/v2\/pages\/11399\/revisions"}],"predecessor-version":[{"id":11406,"href":"https:\/\/uttijuana.edu.mx\/index.php\/wp-json\/wp\/v2\/pages\/11399\/revisions\/11406"}],"wp:attachment":[{"href":"https:\/\/uttijuana.edu.mx\/index.php\/wp-json\/wp\/v2\/media?parent=11399"}],"curies":[{"name":"wp","href":"https:\/\/api.w.org\/{rel}","templated":true}]}}