{"id":11456,"date":"2023-03-16T22:37:16","date_gmt":"2023-03-16T22:37:16","guid":{"rendered":"https:\/\/uttijuana.edu.mx\/?page_id=11456"},"modified":"2023-03-16T22:42:50","modified_gmt":"2023-03-16T22:42:50","slug":"egresan-200-ingenieros-e-ingenieras-de-la-universidad-tecnologica-de-tijuana","status":"publish","type":"page","link":"https:\/\/uttijuana.edu.mx\/index.php\/egresan-200-ingenieros-e-ingenieras-de-la-universidad-tecnologica-de-tijuana\/","title":{"rendered":"EGRESAN 200 INGENIEROS E INGENIERAS DE LA UNIVERSIDAD TECNOL\u00d3GICA DE TIJUANA"},"content":{"rendered":"\t\t<div data-elementor-type=\"wp-page\" data-elementor-id=\"11456\" class=\"elementor elementor-11456\" data-elementor-post-type=\"page\">\n\t\t\t\t\t\t<section class=\"elementor-section elementor-top-section elementor-element elementor-element-af5799b elementor-section-boxed elementor-section-height-default elementor-section-height-default wpr-particle-no wpr-jarallax-no wpr-parallax-no wpr-sticky-section-no\" data-id=\"af5799b\" data-element_type=\"section\">\n\t\t\t\t\t\t<div class=\"elementor-container elementor-column-gap-default\">\n\t\t\t\t\t<div class=\"elementor-column elementor-col-100 elementor-top-column elementor-element elementor-element-70de421\" data-id=\"70de421\" data-element_type=\"column\">\n\t\t\t<div class=\"elementor-widget-wrap elementor-element-populated\">\n\t\t\t\t\t\t<div class=\"elementor-element elementor-element-ed1b666 elementor-widget elementor-widget-heading\" data-id=\"ed1b666\" data-element_type=\"widget\" data-widget_type=\"heading.default\">\n\t\t\t\t<div class=\"elementor-widget-container\">\n\t\t\t\t\t<h2 class=\"elementor-heading-title elementor-size-default\"><h2 data-elementor-setting-key=\"title\" data-pen-placeholder=\"Teclea aqu\u00ed...\" style=\"font-style: normal;font-weight: var( --e-global-typography-primary-font-weight );font-family: Montserrat, sans-serif\">EGRESAN 200 INGENIEROS E INGENIERAS DE LA UNIVERSIDAD TECNOL\u00d3GICA DE TIJUANA<\/h2><\/h2>\t\t\t\t<\/div>\n\t\t\t\t<\/div>\n\t\t\t\t<div class=\"elementor-element elementor-element-ae5aec6 elementor-widget elementor-widget-image\" data-id=\"ae5aec6\" data-element_type=\"widget\" data-widget_type=\"image.default\">\n\t\t\t\t<div class=\"elementor-widget-container\">\n\t\t\t\t\t\t\t\t\t\t\t\t\t\t\t<img decoding=\"async\" data-src=\"https:\/\/uttijuana.edu.mx\/wp-content\/uploads\/2023\/03\/WhatsApp-Image-2023-03-16-at-2.04.12-PM.jpeg\" title=\"\" alt=\"\" src=\"data:image\/gif;base64,R0lGODlhAQABAAAAACH5BAEKAAEALAAAAAABAAEAAAICTAEAOw==\" class=\"lazyload\" \/>\t\t\t\t\t\t\t\t\t\t\t\t\t\t\t<\/div>\n\t\t\t\t<\/div>\n\t\t\t\t<div class=\"elementor-element elementor-element-00f1808 elementor-widget elementor-widget-heading\" data-id=\"00f1808\" data-element_type=\"widget\" data-widget_type=\"heading.default\">\n\t\t\t\t<div class=\"elementor-widget-container\">\n\t\t\t\t\t<h5 class=\"elementor-heading-title elementor-size-default\">Jueves, 16 de marzo de 2023<\/h5>\t\t\t\t<\/div>\n\t\t\t\t<\/div>\n\t\t\t\t<div class=\"elementor-element elementor-element-21328b1 elementor-widget elementor-widget-heading\" data-id=\"21328b1\" data-element_type=\"widget\" data-widget_type=\"heading.default\">\n\t\t\t\t<div class=\"elementor-widget-container\">\n\t\t\t\t\t<h5 class=\"elementor-heading-title elementor-size-medium\"><blockquote>* El rector, Salvador Morales Riub\u00ed, destac\u00f3 que la instituci\u00f3n cumple su misi\u00f3n y objetivo, de otorgar educaci\u00f3n superior de calidad a las y los j\u00f3venes para que tengan acceso a un mejor nivel de vida <p> <\/p>\n \nTIJUANA.- La Universidad Tecnol\u00f3gica de Tijuana (UTT) llev\u00f3 a cabo las ceremonias de graduaci\u00f3n de 200 egresados de cuatro ingenier\u00edas, con lo que la instituci\u00f3n contribuye a fortalecer la operaci\u00f3n del sector industrial y de las empresas dedicadas a las Tecnolog\u00edas de la Informaci\u00f3n, as\u00ed como a la log\u00edstica comercial.<p> <\/p>\n \nAnte las y los integrantes de la generaci\u00f3n 2018-2022, as\u00ed como sus docentes y familiares, el rector Mtro. Salvador Morales Riub\u00ed destac\u00f3 que la instituci\u00f3n est\u00e1 dando cumplimiento a su misi\u00f3n y objetivo, que es otorgar educaci\u00f3n superior de calidad a las y los j\u00f3venes para que tengan acceso a un mejor nivel de vida.<p> <\/p>\n \nNo obstante, asegur\u00f3 que esto no ser\u00eda posible sin el esfuerzo, la disciplina y el compromiso que demostraron las y los egresados a lo largo de sus estudios, para poder hoy llamarse profesionistas.<p> <\/p>\n \n\u201cMe llena de orgullo ser testigo de un momento como este, en el que se resumen todos los esfuerzos que realizaron durante cuatro a\u00f1os, para convertirse en egresadas y egresados de una carrera universitaria\u201d, pronunci\u00f3.<p> <\/p>\n \nEl rector mencion\u00f3 que muchos de ellos se han convertido en el primer profesionista de su familia, \u201cy eso tiene mucho valor para nosotros como instituci\u00f3n; nos sentimos parte de este sue\u00f1o cumplido\u201d.<p> <\/p>\n \nLes record\u00f3 que este a\u00f1o, la Universidad Tecnol\u00f3gica de Tijuana cumplir\u00e1 su 25 aniversario, lo que compromete a la instituci\u00f3n a seguir ofreciendo estudios de calidad que les abran las puertas en las mejores empresas y les den las herramientas para convertirse en emprendedores.<p> <\/p>\n\nLos egresados pertenecen a las Ingenier\u00edas en Desarrollo y Gesti\u00f3n de Software, Redes Inteligentes y Ciberseguridad, Log\u00edstica Comercial Global, as\u00ed como a Ingenier\u00eda en Procesos y Operaciones Industriales.<p> <\/p>\n \nDurante las ceremonias de actos acad\u00e9micos fueron entregados reconocimientos al mejor promedio de cada carrera; Johar Terraza, de Ingenier\u00eda en Desarrollo y Gesti\u00f3n de software, obtuvo 9.8 de promedio; Jorge Rocha, de Ingenier\u00eda en Redes Inteligentes y Ciberseguridad, con 9.5; Florencio Rodr\u00edguez, de Ingenier\u00eda en Log\u00edstica Comercial Global, 9.9; y Citlaly Vidal Barr\u00f3n, de Ingenier\u00eda en Procesos y Operaciones Industriales, logr\u00f3 un 9.9.<p> <\/p>\n \nTodas las y los egresados cursaron parte de su formaci\u00f3n profesional en la modalidad Biling\u00fce Internacional y Sustentable (BIS), es decir, les fueron impartidas materias de su carrera en el idioma ingl\u00e9s para fortalecer sus capacidades<\/h5>\t\t\t\t<\/div>\n\t\t\t\t<\/div>\n\t\t\t\t\t<\/div>\n\t\t<\/div>\n\t\t\t\t\t<\/div>\n\t\t<\/section>\n\t\t\t\t<section class=\"elementor-section elementor-top-section elementor-element elementor-element-672840d elementor-section-boxed elementor-section-height-default elementor-section-height-default wpr-particle-no wpr-jarallax-no wpr-parallax-no wpr-sticky-section-no\" data-id=\"672840d\" data-element_type=\"section\">\n\t\t\t\t\t\t<div class=\"elementor-container elementor-column-gap-default\">\n\t\t\t\t\t<div class=\"elementor-column elementor-col-100 elementor-top-column elementor-element elementor-element-4e8be12\" data-id=\"4e8be12\" data-element_type=\"column\">\n\t\t\t<div class=\"elementor-widget-wrap elementor-element-populated\">\n\t\t\t\t\t\t<div class=\"elementor-element elementor-element-d6d3fbf elementor-widget elementor-widget-image-gallery\" data-id=\"d6d3fbf\" data-element_type=\"widget\" data-widget_type=\"image-gallery.default\">\n\t\t\t\t<div class=\"elementor-widget-container\">\n\t\t\t\t\t\t\t<div class=\"elementor-image-gallery\">\n\t\t\t\t\t<\/div>\n\t\t\t\t\t\t<\/div>\n\t\t\t\t<\/div>\n\t\t\t\t\t<\/div>\n\t\t<\/div>\n\t\t\t\t\t<\/div>\n\t\t<\/section>\n\t\t\t\t<section class=\"elementor-section elementor-top-section elementor-element elementor-element-71af7bc elementor-section-boxed elementor-section-height-default elementor-section-height-default wpr-particle-no wpr-jarallax-no wpr-parallax-no wpr-sticky-section-no\" data-id=\"71af7bc\" data-element_type=\"section\">\n\t\t\t\t\t\t<div class=\"elementor-container elementor-column-gap-default\">\n\t\t\t\t\t<div class=\"elementor-column elementor-col-100 elementor-top-column elementor-element elementor-element-00b0b70\" data-id=\"00b0b70\" data-element_type=\"column\">\n\t\t\t<div class=\"elementor-widget-wrap elementor-element-populated\">\n\t\t\t\t\t\t<div class=\"elementor-element elementor-element-5d02545 elementor-widget elementor-widget-spacer\" data-id=\"5d02545\" data-element_type=\"widget\" data-widget_type=\"spacer.default\">\n\t\t\t\t<div class=\"elementor-widget-container\">\n\t\t\t\t\t\t\t<div class=\"elementor-spacer\">\n\t\t\t<div class=\"elementor-spacer-inner\"><\/div>\n\t\t<\/div>\n\t\t\t\t\t\t<\/div>\n\t\t\t\t<\/div>\n\t\t\t\t\t<\/div>\n\t\t<\/div>\n\t\t\t\t\t<\/div>\n\t\t<\/section>\n\t\t\t\t<\/div>\n\t\t","protected":false},"excerpt":{"rendered":"<p>EGRESAN 200 INGENIEROS E INGENIERAS DE LA UNIVERSIDAD TECNOL\u00d3GICA DE TIJUANA Jueves, 16 de marzo de 2023 * El rector, Salvador Morales Riub\u00ed, destac\u00f3 que la instituci\u00f3n cumple su misi\u00f3n y objetivo, de otorgar educaci\u00f3n superior de calidad a las y los j\u00f3venes para que tengan acceso a un mejor nivel de vida TIJUANA.- La Universidad Tecnol\u00f3gica de Tijuana (UTT) llev\u00f3 a cabo las ceremonias de graduaci\u00f3n de 200 egresados de cuatro ingenier\u00edas, con lo que la instituci\u00f3n contribuye a fortalecer la operaci\u00f3n del sector industrial y de las empresas dedicadas a las Tecnolog\u00edas de la Informaci\u00f3n, as\u00ed como a la log\u00edstica comercial. Ante las y los integrantes de la generaci\u00f3n 2018-2022, as\u00ed como sus docentes y familiares, el rector Mtro. Salvador Morales Riub\u00ed destac\u00f3 que la instituci\u00f3n est\u00e1 dando cumplimiento a su misi\u00f3n y objetivo, que es otorgar educaci\u00f3n superior de calidad a las y los j\u00f3venes para que tengan acceso a un mejor nivel de vida. No obstante, asegur\u00f3 que esto no ser\u00eda posible sin el esfuerzo, la disciplina y el compromiso que demostraron las y los egresados a lo largo de sus estudios, para poder hoy llamarse profesionistas. \u201cMe llena de orgullo ser testigo de un momento como este, en el que se resumen todos los esfuerzos que realizaron durante cuatro a\u00f1os, para convertirse en egresadas y egresados de una carrera universitaria\u201d, pronunci\u00f3. El rector mencion\u00f3 que muchos de ellos se han convertido en el primer profesionista de su familia, \u201cy eso tiene mucho valor para nosotros como instituci\u00f3n; nos sentimos parte de este sue\u00f1o cumplido\u201d. Les record\u00f3 que este a\u00f1o, la Universidad Tecnol\u00f3gica de Tijuana cumplir\u00e1 su 25 aniversario, lo que compromete a la instituci\u00f3n a seguir ofreciendo estudios de calidad que les abran las puertas en las mejores empresas y les den las herramientas para convertirse en emprendedores. Los egresados pertenecen a las Ingenier\u00edas en Desarrollo y Gesti\u00f3n de Software, Redes Inteligentes y Ciberseguridad, Log\u00edstica Comercial Global, as\u00ed como a Ingenier\u00eda en Procesos y Operaciones Industriales. Durante las ceremonias de actos acad\u00e9micos fueron entregados reconocimientos al mejor promedio de cada carrera; Johar Terraza, de Ingenier\u00eda en Desarrollo y Gesti\u00f3n de software, obtuvo 9.8 de promedio; Jorge Rocha, de Ingenier\u00eda en Redes Inteligentes y Ciberseguridad, con 9.5; Florencio Rodr\u00edguez, de Ingenier\u00eda en Log\u00edstica Comercial Global, 9.9; y Citlaly Vidal Barr\u00f3n, de Ingenier\u00eda en Procesos y Operaciones Industriales, logr\u00f3 un 9.9. Todas las y los egresados cursaron parte de su formaci\u00f3n profesional en la modalidad Biling\u00fce Internacional y Sustentable (BIS), es decir, les fueron impartidas materias de su carrera en el idioma ingl\u00e9s para fortalecer sus capacidades<\/p>\n","protected":false},"author":2,"featured_media":0,"parent":0,"menu_order":0,"comment_status":"closed","ping_status":"closed","template":"","meta":{"_monsterinsights_skip_tracking":false,"_monsterinsights_sitenote_active":false,"_monsterinsights_sitenote_note":"","_monsterinsights_sitenote_category":0,"_uf_show_specific_survey":0,"_uf_disable_surveys":false,"site-sidebar-layout":"no-sidebar","site-content-layout":"page-builder","ast-site-content-layout":"default","site-content-style":"default","site-sidebar-style":"default","ast-global-header-display":"","ast-banner-title-visibility":"","ast-main-header-display":"","ast-hfb-above-header-display":"","ast-hfb-below-header-display":"","ast-hfb-mobile-header-display":"","site-post-title":"disabled","ast-breadcrumbs-content":"","ast-featured-img":"disabled","footer-sml-layout":"","ast-disable-related-posts":"","theme-transparent-header-meta":"","adv-header-id-meta":"","stick-header-meta":"","header-above-stick-meta":"","header-main-stick-meta":"","header-below-stick-meta":"","astra-migrate-meta-layouts":"default","ast-page-background-enabled":"default","ast-page-background-meta":{"desktop":{"background-color":"","background-image":"","background-repeat":"repeat","background-position":"center center","background-size":"auto","background-attachment":"scroll","background-type":"","background-media":"","overlay-type":"","overlay-color":"","overlay-opacity":"","overlay-gradient":""},"tablet":{"background-color":"","background-image":"","background-repeat":"repeat","background-position":"center center","background-size":"auto","background-attachment":"scroll","background-type":"","background-media":"","overlay-type":"","overlay-color":"","overlay-opacity":"","overlay-gradient":""},"mobile":{"background-color":"","background-image":"","background-repeat":"repeat","background-position":"center center","background-size":"auto","background-attachment":"scroll","background-type":"","background-media":"","overlay-type":"","overlay-color":"","overlay-opacity":"","overlay-gradient":""}},"ast-content-background-meta":{"desktop":{"background-color":"var(--ast-global-color-5)","background-image":"","background-repeat":"repeat","background-position":"center center","background-size":"auto","background-attachment":"scroll","background-type":"","background-media":"","overlay-type":"","overlay-color":"","overlay-opacity":"","overlay-gradient":""},"tablet":{"background-color":"var(--ast-global-color-5)","background-image":"","background-repeat":"repeat","background-position":"center center","background-size":"auto","background-attachment":"scroll","background-type":"","background-media":"","overlay-type":"","overlay-color":"","overlay-opacity":"","overlay-gradient":""},"mobile":{"background-color":"var(--ast-global-color-5)","background-image":"","background-repeat":"repeat","background-position":"center center","background-size":"auto","background-attachment":"scroll","background-type":"","background-media":"","overlay-type":"","overlay-color":"","overlay-opacity":"","overlay-gradient":""}},"footnotes":""},"class_list":["post-11456","page","type-page","status-publish","hentry"],"_links":{"self":[{"href":"https:\/\/uttijuana.edu.mx\/index.php\/wp-json\/wp\/v2\/pages\/11456","targetHints":{"allow":["GET"]}}],"collection":[{"href":"https:\/\/uttijuana.edu.mx\/index.php\/wp-json\/wp\/v2\/pages"}],"about":[{"href":"https:\/\/uttijuana.edu.mx\/index.php\/wp-json\/wp\/v2\/types\/page"}],"author":[{"embeddable":true,"href":"https:\/\/uttijuana.edu.mx\/index.php\/wp-json\/wp\/v2\/users\/2"}],"replies":[{"embeddable":true,"href":"https:\/\/uttijuana.edu.mx\/index.php\/wp-json\/wp\/v2\/comments?post=11456"}],"version-history":[{"count":10,"href":"https:\/\/uttijuana.edu.mx\/index.php\/wp-json\/wp\/v2\/pages\/11456\/revisions"}],"predecessor-version":[{"id":11469,"href":"https:\/\/uttijuana.edu.mx\/index.php\/wp-json\/wp\/v2\/pages\/11456\/revisions\/11469"}],"wp:attachment":[{"href":"https:\/\/uttijuana.edu.mx\/index.php\/wp-json\/wp\/v2\/media?parent=11456"}],"curies":[{"name":"wp","href":"https:\/\/api.w.org\/{rel}","templated":true}]}}