{"id":11730,"date":"2023-03-28T00:12:39","date_gmt":"2023-03-28T00:12:39","guid":{"rendered":"https:\/\/uttijuana.edu.mx\/?page_id=11730"},"modified":"2023-03-28T00:13:39","modified_gmt":"2023-03-28T00:13:39","slug":"concluye-con-exito-el-torneo-de-robotica-y-aeronautica-de-la-utt","status":"publish","type":"page","link":"https:\/\/uttijuana.edu.mx\/index.php\/concluye-con-exito-el-torneo-de-robotica-y-aeronautica-de-la-utt\/","title":{"rendered":"CONCLUYE CON \u00c9XITO EL TORNEO DE ROB\u00d3TICA Y AERON\u00c1UTICA DE LA UTT"},"content":{"rendered":"\t\t<div data-elementor-type=\"wp-page\" data-elementor-id=\"11730\" class=\"elementor elementor-11730\" data-elementor-post-type=\"page\">\n\t\t\t\t\t\t<section class=\"elementor-section elementor-top-section elementor-element elementor-element-35cb905e elementor-section-boxed elementor-section-height-default elementor-section-height-default wpr-particle-no wpr-jarallax-no wpr-parallax-no wpr-sticky-section-no\" data-id=\"35cb905e\" data-element_type=\"section\">\n\t\t\t\t\t\t<div class=\"elementor-container elementor-column-gap-default\">\n\t\t\t\t\t<div class=\"elementor-column elementor-col-100 elementor-top-column elementor-element elementor-element-3cc4649e\" data-id=\"3cc4649e\" data-element_type=\"column\">\n\t\t\t<div class=\"elementor-widget-wrap elementor-element-populated\">\n\t\t\t\t\t\t<div class=\"elementor-element elementor-element-79dffa84 elementor-widget elementor-widget-heading\" data-id=\"79dffa84\" data-element_type=\"widget\" data-widget_type=\"heading.default\">\n\t\t\t\t<div class=\"elementor-widget-container\">\n\t\t\t\t\t<h2 class=\"elementor-heading-title elementor-size-default\">CONCLUYE CON \u00c9XITO EL TORNEO DE ROB\u00d3TICA Y AERON\u00c1UTICA DE LA UTT<\/h2>\t\t\t\t<\/div>\n\t\t\t\t<\/div>\n\t\t\t\t<div class=\"elementor-element elementor-element-7a339162 elementor-widget elementor-widget-image\" data-id=\"7a339162\" data-element_type=\"widget\" data-widget_type=\"image.default\">\n\t\t\t\t<div class=\"elementor-widget-container\">\n\t\t\t\t\t\t\t\t\t\t\t\t\t\t\t<img decoding=\"async\" data-src=\"https:\/\/uttijuana.edu.mx\/wp-content\/uploads\/2023\/03\/WhatsApp-Image-2023-03-27-at-5.01.56-PM.jpeg\" title=\"\" alt=\"\" src=\"data:image\/gif;base64,R0lGODlhAQABAAAAACH5BAEKAAEALAAAAAABAAEAAAICTAEAOw==\" class=\"lazyload\" \/>\t\t\t\t\t\t\t\t\t\t\t\t\t\t\t<\/div>\n\t\t\t\t<\/div>\n\t\t\t\t<div class=\"elementor-element elementor-element-5767e747 elementor-widget elementor-widget-heading\" data-id=\"5767e747\" data-element_type=\"widget\" data-widget_type=\"heading.default\">\n\t\t\t\t<div class=\"elementor-widget-container\">\n\t\t\t\t\t<h5 class=\"elementor-heading-title elementor-size-medium\">Lunes, 27 de marzo de 2023 \n<BLOCKQUOTE>*Se logr\u00f3 incrementar la participaci\u00f3n tanto de instituciones acad\u00e9micas como de prototipos <p> <\/p>\n\n\nTIJUANA.- Con 312 participantes y 78 prototipos registrados, concluy\u00f3 con \u00e9xito la d\u00e9cimo primera edici\u00f3n del Torneo Nacional de Rob\u00f3tica y Aeron\u00e1utica 2023 de la Universidad Tecnol\u00f3gica de Tijuana (UTT), cuyos ganadores fueron premiados en una ceremonia simb\u00f3lica.<p> <\/p>\n\nEl rector, Mtro. Salvador Morales Riub\u00ed, destac\u00f3 el nivel mostrado por los competidores, que llegaron con prototipos mejorados, en los que invirtieron horas y recursos para ocupar los primeros puestos en las categor\u00edas Finderbot, Robot Rescatista, Aeroplaneador y Thunderbot 25 kilogramos.<p> <\/p>\n \nLuego de celebrar la \u00faltima competencia se llev\u00f3 a cabo la premiaci\u00f3n para los tres primeros lugares de cada categor\u00eda, cuyos premios oscilaron entre los dos mil 500 y los 20 mil pesos, derivado de los apoyos brindados por las empresas patrocinadoras.<p> <\/p>\n \nEn esta edici\u00f3n, participaron estudiantes y egresados de 14 instituciones educativas, tres de ellas de los estados de Aguascalientes, Sonora y Tlaxcala. Tambi\u00e9n se cont\u00f3 con la presencia de competidores de Ensenada y Mexicali, as\u00ed como de instituciones p\u00fablicas y privadas de Tijuana.<p> <\/p>\n \nLa categor\u00eda Finderbot fue dominada por los estudiantes de UTT. El primer lugar fue para Electron, el segundo para Juanin Juan Harry y el tercero para Belibot.<p> <\/p>\n \nEn la categor\u00eda Robot Rescatista el primer lugar fue para Nicolasa, el segundo para Rescatniss y el tercero para Francesco, todos prototipos creados por estudiantes de UTT.<p> <\/p>\n \nEn la categor\u00eda Aeroplaneador, que se instituy\u00f3 apenas en la edici\u00f3n pasada, el prototipo Bomb\u00f3n obtuvo el primer lugar y Falc\u00f3n el segundo, ambos dise\u00f1ados por alumnos de UTT. Estudiantes de Cetys Universidad se adjudicaron el tercer lugar, con el prototipo Roboavi\u00f3n.<p> <\/p>\n \nEn la \u201cprueba reina\u201d de la competencia, Thunderbot 25 kilogramos, el prototipo Totoloch\u00edn de la Universidad Tecnol\u00f3gica de Tijuana, obtuvo el re\u00f1ido triunfo. El segundo lugar fue para Sonic tambi\u00e9n de UTT y el tercer lugar para El Bill\u00f3n 4.0, equipo conformado por egresados de esta universidad.<p> <\/p>\n \nCabe destacar que se otorg\u00f3 una Menci\u00f3n Honor\u00edfica al prototipo Astroy, desarrollado por un egresado de UTT de Ingenier\u00eda en Mecatr\u00f3nica y por su hijo, alumno de Cecyte El Florido, quienes alcanzaron la fase de semifinales.<p> <\/p>\n \nA la competencia asistieron autoridades educativas y alrededor de 300 espectadores, entre padres de familia y amigos de los participantes, para apoyarlos desde las gradas.<p> <\/p>\n \nMorales Riub\u00ed, encabez\u00f3 la entrega simb\u00f3lica de los cheques y de las medallas a todos los ganadores, a quienes felicit\u00f3 por los resultados mostrados durante los cuatro d\u00edas de competencias, en los que tambi\u00e9n se ofrecieron conferencias por expertos en las ramas de la Rob\u00f3tica y la Aeron\u00e1utica.<p> <\/p><\/h5>\t\t\t\t<\/div>\n\t\t\t\t<\/div>\n\t\t\t\t<div class=\"elementor-element elementor-element-1723c2ad elementor-widget elementor-widget-gallery\" data-id=\"1723c2ad\" data-element_type=\"widget\" data-settings=\"{&quot;columns&quot;:3,&quot;lazyload&quot;:&quot;yes&quot;,&quot;gallery_layout&quot;:&quot;grid&quot;,&quot;columns_tablet&quot;:2,&quot;columns_mobile&quot;:1,&quot;gap&quot;:{&quot;unit&quot;:&quot;px&quot;,&quot;size&quot;:10,&quot;sizes&quot;:[]},&quot;gap_tablet&quot;:{&quot;unit&quot;:&quot;px&quot;,&quot;size&quot;:10,&quot;sizes&quot;:[]},&quot;gap_mobile&quot;:{&quot;unit&quot;:&quot;px&quot;,&quot;size&quot;:10,&quot;sizes&quot;:[]},&quot;link_to&quot;:&quot;file&quot;,&quot;aspect_ratio&quot;:&quot;3:2&quot;,&quot;overlay_background&quot;:&quot;yes&quot;,&quot;content_hover_animation&quot;:&quot;fade-in&quot;}\" data-widget_type=\"gallery.default\">\n\t\t\t\t<div class=\"elementor-widget-container\">\n\t\t\t\t\t\t\t<div class=\"elementor-gallery__container\">\n\t\t\t\t\t<\/div>\n\t\t\t\t\t<\/div>\n\t\t\t\t<\/div>\n\t\t\t\t<div class=\"elementor-element elementor-element-2b7dce34 elementor-widget elementor-widget-spacer\" data-id=\"2b7dce34\" data-element_type=\"widget\" data-widget_type=\"spacer.default\">\n\t\t\t\t<div class=\"elementor-widget-container\">\n\t\t\t\t\t\t\t<div class=\"elementor-spacer\">\n\t\t\t<div class=\"elementor-spacer-inner\"><\/div>\n\t\t<\/div>\n\t\t\t\t\t\t<\/div>\n\t\t\t\t<\/div>\n\t\t\t\t\t<\/div>\n\t\t<\/div>\n\t\t\t\t\t<\/div>\n\t\t<\/section>\n\t\t\t\t<\/div>\n\t\t","protected":false},"excerpt":{"rendered":"<p>CONCLUYE CON \u00c9XITO EL TORNEO DE ROB\u00d3TICA Y AERON\u00c1UTICA DE LA UTT Lunes, 27 de marzo de 2023 *Se logr\u00f3 incrementar la participaci\u00f3n tanto de instituciones acad\u00e9micas como de prototipos TIJUANA.- Con 312 participantes y 78 prototipos registrados, concluy\u00f3 con \u00e9xito la d\u00e9cimo primera edici\u00f3n del Torneo Nacional de Rob\u00f3tica y Aeron\u00e1utica 2023 de la Universidad Tecnol\u00f3gica de Tijuana (UTT), cuyos ganadores fueron premiados en una ceremonia simb\u00f3lica. El rector, Mtro. Salvador Morales Riub\u00ed, destac\u00f3 el nivel mostrado por los competidores, que llegaron con prototipos mejorados, en los que invirtieron horas y recursos para ocupar los primeros puestos en las categor\u00edas Finderbot, Robot Rescatista, Aeroplaneador y Thunderbot 25 kilogramos. Luego de celebrar la \u00faltima competencia se llev\u00f3 a cabo la premiaci\u00f3n para los tres primeros lugares de cada categor\u00eda, cuyos premios oscilaron entre los dos mil 500 y los 20 mil pesos, derivado de los apoyos brindados por las empresas patrocinadoras. En esta edici\u00f3n, participaron estudiantes y egresados de 14 instituciones educativas, tres de ellas de los estados de Aguascalientes, Sonora y Tlaxcala. Tambi\u00e9n se cont\u00f3 con la presencia de competidores de Ensenada y Mexicali, as\u00ed como de instituciones p\u00fablicas y privadas de Tijuana. La categor\u00eda Finderbot fue dominada por los estudiantes de UTT. El primer lugar fue para Electron, el segundo para Juanin Juan Harry y el tercero para Belibot. En la categor\u00eda Robot Rescatista el primer lugar fue para Nicolasa, el segundo para Rescatniss y el tercero para Francesco, todos prototipos creados por estudiantes de UTT. En la categor\u00eda Aeroplaneador, que se instituy\u00f3 apenas en la edici\u00f3n pasada, el prototipo Bomb\u00f3n obtuvo el primer lugar y Falc\u00f3n el segundo, ambos dise\u00f1ados por alumnos de UTT. Estudiantes de Cetys Universidad se adjudicaron el tercer lugar, con el prototipo Roboavi\u00f3n. En la \u201cprueba reina\u201d de la competencia, Thunderbot 25 kilogramos, el prototipo Totoloch\u00edn de la Universidad Tecnol\u00f3gica de Tijuana, obtuvo el re\u00f1ido triunfo. El segundo lugar fue para Sonic tambi\u00e9n de UTT y el tercer lugar para El Bill\u00f3n 4.0, equipo conformado por egresados de esta universidad. Cabe destacar que se otorg\u00f3 una Menci\u00f3n Honor\u00edfica al prototipo Astroy, desarrollado por un egresado de UTT de Ingenier\u00eda en Mecatr\u00f3nica y por su hijo, alumno de Cecyte El Florido, quienes alcanzaron la fase de semifinales. A la competencia asistieron autoridades educativas y alrededor de 300 espectadores, entre padres de familia y amigos de los participantes, para apoyarlos desde las gradas. Morales Riub\u00ed, encabez\u00f3 la entrega simb\u00f3lica de los cheques y de las medallas a todos los ganadores, a quienes felicit\u00f3 por los resultados mostrados durante los cuatro d\u00edas de competencias, en los que tambi\u00e9n se ofrecieron conferencias por expertos en las ramas de la Rob\u00f3tica y la Aeron\u00e1utica.<\/p>\n","protected":false},"author":2,"featured_media":0,"parent":0,"menu_order":0,"comment_status":"closed","ping_status":"closed","template":"","meta":{"_monsterinsights_skip_tracking":false,"_monsterinsights_sitenote_active":false,"_monsterinsights_sitenote_note":"","_monsterinsights_sitenote_category":0,"_uf_show_specific_survey":0,"_uf_disable_surveys":false,"site-sidebar-layout":"no-sidebar","site-content-layout":"page-builder","ast-site-content-layout":"default","site-content-style":"default","site-sidebar-style":"default","ast-global-header-display":"","ast-banner-title-visibility":"","ast-main-header-display":"","ast-hfb-above-header-display":"","ast-hfb-below-header-display":"","ast-hfb-mobile-header-display":"","site-post-title":"disabled","ast-breadcrumbs-content":"","ast-featured-img":"disabled","footer-sml-layout":"","ast-disable-related-posts":"","theme-transparent-header-meta":"","adv-header-id-meta":"","stick-header-meta":"","header-above-stick-meta":"","header-main-stick-meta":"","header-below-stick-meta":"","astra-migrate-meta-layouts":"default","ast-page-background-enabled":"default","ast-page-background-meta":{"desktop":{"background-color":"","background-image":"","background-repeat":"repeat","background-position":"center center","background-size":"auto","background-attachment":"scroll","background-type":"","background-media":"","overlay-type":"","overlay-color":"","overlay-opacity":"","overlay-gradient":""},"tablet":{"background-color":"","background-image":"","background-repeat":"repeat","background-position":"center center","background-size":"auto","background-attachment":"scroll","background-type":"","background-media":"","overlay-type":"","overlay-color":"","overlay-opacity":"","overlay-gradient":""},"mobile":{"background-color":"","background-image":"","background-repeat":"repeat","background-position":"center center","background-size":"auto","background-attachment":"scroll","background-type":"","background-media":"","overlay-type":"","overlay-color":"","overlay-opacity":"","overlay-gradient":""}},"ast-content-background-meta":{"desktop":{"background-color":"var(--ast-global-color-5)","background-image":"","background-repeat":"repeat","background-position":"center center","background-size":"auto","background-attachment":"scroll","background-type":"","background-media":"","overlay-type":"","overlay-color":"","overlay-opacity":"","overlay-gradient":""},"tablet":{"background-color":"var(--ast-global-color-5)","background-image":"","background-repeat":"repeat","background-position":"center center","background-size":"auto","background-attachment":"scroll","background-type":"","background-media":"","overlay-type":"","overlay-color":"","overlay-opacity":"","overlay-gradient":""},"mobile":{"background-color":"var(--ast-global-color-5)","background-image":"","background-repeat":"repeat","background-position":"center center","background-size":"auto","background-attachment":"scroll","background-type":"","background-media":"","overlay-type":"","overlay-color":"","overlay-opacity":"","overlay-gradient":""}},"footnotes":""},"class_list":["post-11730","page","type-page","status-publish","hentry"],"_links":{"self":[{"href":"https:\/\/uttijuana.edu.mx\/index.php\/wp-json\/wp\/v2\/pages\/11730","targetHints":{"allow":["GET"]}}],"collection":[{"href":"https:\/\/uttijuana.edu.mx\/index.php\/wp-json\/wp\/v2\/pages"}],"about":[{"href":"https:\/\/uttijuana.edu.mx\/index.php\/wp-json\/wp\/v2\/types\/page"}],"author":[{"embeddable":true,"href":"https:\/\/uttijuana.edu.mx\/index.php\/wp-json\/wp\/v2\/users\/2"}],"replies":[{"embeddable":true,"href":"https:\/\/uttijuana.edu.mx\/index.php\/wp-json\/wp\/v2\/comments?post=11730"}],"version-history":[{"count":4,"href":"https:\/\/uttijuana.edu.mx\/index.php\/wp-json\/wp\/v2\/pages\/11730\/revisions"}],"predecessor-version":[{"id":11738,"href":"https:\/\/uttijuana.edu.mx\/index.php\/wp-json\/wp\/v2\/pages\/11730\/revisions\/11738"}],"wp:attachment":[{"href":"https:\/\/uttijuana.edu.mx\/index.php\/wp-json\/wp\/v2\/media?parent=11730"}],"curies":[{"name":"wp","href":"https:\/\/api.w.org\/{rel}","templated":true}]}}