{"id":12341,"date":"2023-07-06T17:37:53","date_gmt":"2023-07-06T17:37:53","guid":{"rendered":"https:\/\/uttijuana.edu.mx\/?page_id=12341"},"modified":"2023-07-06T17:46:13","modified_gmt":"2023-07-06T17:46:13","slug":"rinde-cuentas-rector-de-utt-a-estudiantes-tras-asistir-al-paris-air-show-2023","status":"publish","type":"page","link":"https:\/\/uttijuana.edu.mx\/index.php\/rinde-cuentas-rector-de-utt-a-estudiantes-tras-asistir-al-paris-air-show-2023\/","title":{"rendered":"RINDE CUENTAS RECTOR DE UTT A ESTUDIANTES TRAS ASISTIR AL PARIS AIR SHOW 2023"},"content":{"rendered":"\t\t<div data-elementor-type=\"wp-page\" data-elementor-id=\"12341\" class=\"elementor elementor-12341\" data-elementor-post-type=\"page\">\n\t\t\t\t\t\t<section class=\"elementor-section elementor-top-section elementor-element elementor-element-4eeed66d elementor-section-boxed elementor-section-height-default elementor-section-height-default wpr-particle-no wpr-jarallax-no wpr-parallax-no wpr-sticky-section-no\" data-id=\"4eeed66d\" data-element_type=\"section\">\n\t\t\t\t\t\t<div class=\"elementor-container elementor-column-gap-default\">\n\t\t\t\t\t<div class=\"elementor-column elementor-col-100 elementor-top-column elementor-element elementor-element-1d7e0584\" data-id=\"1d7e0584\" data-element_type=\"column\">\n\t\t\t<div class=\"elementor-widget-wrap elementor-element-populated\">\n\t\t\t\t\t\t<div class=\"elementor-element elementor-element-a801bfa elementor-widget elementor-widget-heading\" data-id=\"a801bfa\" data-element_type=\"widget\" data-widget_type=\"heading.default\">\n\t\t\t\t<div class=\"elementor-widget-container\">\n\t\t\t\t\t<h2 class=\"elementor-heading-title elementor-size-default\">RINDE CUENTAS RECTOR DE UTT A ESTUDIANTES TRAS ASISTIR AL PARIS AIR SHOW 2023<\/h2>\t\t\t\t<\/div>\n\t\t\t\t<\/div>\n\t\t\t\t<div class=\"elementor-element elementor-element-b2c11fe elementor-widget elementor-widget-image\" data-id=\"b2c11fe\" data-element_type=\"widget\" data-widget_type=\"image.default\">\n\t\t\t\t<div class=\"elementor-widget-container\">\n\t\t\t\t\t\t\t\t\t\t\t\t\t\t\t<img fetchpriority=\"high\" decoding=\"async\" width=\"768\" height=\"528\" src=\"https:\/\/uttijuana.edu.mx\/wp-content\/uploads\/2023\/07\/06-07-2023-768x528.jpeg\" class=\"attachment-medium_large size-medium_large wp-image-12340\" alt=\"\" srcset=\"https:\/\/uttijuana.edu.mx\/wp-content\/uploads\/2023\/07\/06-07-2023-768x528.jpeg 768w, https:\/\/uttijuana.edu.mx\/wp-content\/uploads\/2023\/07\/06-07-2023-300x206.jpeg 300w, https:\/\/uttijuana.edu.mx\/wp-content\/uploads\/2023\/07\/06-07-2023.jpeg 1024w\" sizes=\"(max-width: 768px) 100vw, 768px\" \/>\t\t\t\t\t\t\t\t\t\t\t\t\t\t\t<\/div>\n\t\t\t\t<\/div>\n\t\t\t\t<div class=\"elementor-element elementor-element-36a39410 elementor-widget elementor-widget-heading\" data-id=\"36a39410\" data-element_type=\"widget\" data-widget_type=\"heading.default\">\n\t\t\t\t<div class=\"elementor-widget-container\">\n\t\t\t\t\t<h5 class=\"elementor-heading-title elementor-size-medium\">Jueves, 6 de julio de 2023 \n<BLOCKQUOTE>*Estudiantes pudieron conocer de primera mano los resultados de las reuniones que sostuvo el rector como parte de la comitiva del Gobierno de Baja California  <p> <\/p>\n\n\nTIJUANA.- En un ejercicio de rendici\u00f3n de cuentas, el rector de la Universidad Tecnol\u00f3gica de Tijuana, Salvador Morales Riub\u00ed se reuni\u00f3 con estudiantes de Ingenier\u00eda en Mecatr\u00f3nica e Ingenier\u00eda en Manufactura Aeron\u00e1utica para darles a conocer los resultados de la gira de trabajo que realiz\u00f3 en Francia, tras asistir al Paris Air Show 2023.<p> <\/p>\n\nExplic\u00f3 que acudi\u00f3 al evento m\u00e1s importante a nivel mundial del sector aeron\u00e1utico y aeroespacial como parte de la comitiva del Gobierno de Baja California, que encabez\u00f3 el secretario de Econom\u00eda e Innovaci\u00f3n, Kurt Honold Morales, y que tambi\u00e9n estuvo integrada por los rectores de la Universidad Aut\u00f3noma de Baja California y de Cetys Universidad.<p> <\/p>\n\n\u201cLa UTT y las universidades tecnol\u00f3gicas estamos comprometidas con la formaci\u00f3n profesional de alumnas y alumnos que resuelvan problemas, que atiendan al desarrollo cient\u00edfico, que tengan la capacidad para crear, desarrollar e innovar, necesitamos conectarnos con el presente, que ya es el futuro. Queremos que se lleven de aqu\u00ed todas las herramientas necesarias para mejorar nuestro mundo\u201d, expres\u00f3.<p> <\/p>\n\nDurante el Paris Air Show, indic\u00f3, sostuvieron reuniones con empresas de gran relevancia mundial como Honeywell Aerospace, Safran, Collins Aerospace, GNK Aeroespace, Airbus y Gulfstream, entre otras, que en algunos casos ya tienen operaciones en Baja California y que est\u00e1n en la b\u00fasqueda permanente de talento para el dise\u00f1o y manufactura de aeronaves, jets de negocios, helic\u00f3pteros, as\u00ed como para el desarrollo de aviaci\u00f3n militar y espacial. <p> <\/p>\n\nTambi\u00e9n se firm\u00f3 un convenio de colaboraci\u00f3n con la empresa Dassault Systems, encaminado a reforzar el desarrollo de los centros de innovaci\u00f3n y asisti\u00f3 a la conferencia \u201cEducaci\u00f3n, Innovaci\u00f3n y Desarrollo de Talento Humano\u201d, organizada por Dassault Systems, Boeing, Safran y Airbus.<p> <\/p>\n\nMorales Riub\u00ed destac\u00f3 la importancia de que la Universidad Tecnol\u00f3gica de Tijuana haya estado presente en el Paris Air Show, porque pudo hablar con los altos ejecutivos de empresas del sector aeroespacial y aeron\u00e1utico sobre el talento que est\u00e1 en formaci\u00f3n en las aulas, y resaltar la gran capacidad que tienen las y los estudiantes de UTT para adecuarse a las nuevas tecnolog\u00edas.<p> <\/p>\n\nEn su presentaci\u00f3n, el rector mostr\u00f3 a las y los estudiantes, as\u00ed como al personal docente, una recopilaci\u00f3n de fotograf\u00edas de las aeronaves que fueron exhibidas en el Paris Air Show y lo \u00faltimo en tecnolog\u00eda, tanto para vuelos comerciales y de drones, as\u00ed como para temas de defensa y seguridad nacional.<p> <\/p><\/h5>\t\t\t\t<\/div>\n\t\t\t\t<\/div>\n\t\t\t\t<div class=\"elementor-element elementor-element-64505a47 elementor-widget elementor-widget-gallery\" data-id=\"64505a47\" data-element_type=\"widget\" data-settings=\"{&quot;columns&quot;:2,&quot;lazyload&quot;:&quot;yes&quot;,&quot;gallery_layout&quot;:&quot;grid&quot;,&quot;columns_tablet&quot;:2,&quot;columns_mobile&quot;:1,&quot;gap&quot;:{&quot;unit&quot;:&quot;px&quot;,&quot;size&quot;:10,&quot;sizes&quot;:[]},&quot;gap_tablet&quot;:{&quot;unit&quot;:&quot;px&quot;,&quot;size&quot;:10,&quot;sizes&quot;:[]},&quot;gap_mobile&quot;:{&quot;unit&quot;:&quot;px&quot;,&quot;size&quot;:10,&quot;sizes&quot;:[]},&quot;link_to&quot;:&quot;file&quot;,&quot;aspect_ratio&quot;:&quot;3:2&quot;,&quot;overlay_background&quot;:&quot;yes&quot;,&quot;content_hover_animation&quot;:&quot;fade-in&quot;}\" data-widget_type=\"gallery.default\">\n\t\t\t\t<div class=\"elementor-widget-container\">\n\t\t\t\t\t\t\t<div class=\"elementor-gallery__container\">\n\t\t\t\t\t\t\t<a class=\"e-gallery-item elementor-gallery-item elementor-animated-content\" href=\"https:\/\/uttijuana.edu.mx\/wp-content\/uploads\/2023\/07\/06-07-2023-2.jpeg\" data-elementor-open-lightbox=\"yes\" data-elementor-lightbox-slideshow=\"64505a47\" data-elementor-lightbox-title=\"06-07-2023-2\" data-e-action-hash=\"#elementor-action%3Aaction%3Dlightbox%26settings%3DeyJpZCI6MTIzMzksInVybCI6Imh0dHBzOlwvXC91dHRpanVhbmEuZWR1Lm14XC93cC1jb250ZW50XC91cGxvYWRzXC8yMDIzXC8wN1wvMDYtMDctMjAyMy0yLmpwZWciLCJzbGlkZXNob3ciOiI2NDUwNWE0NyJ9\">\n\t\t\t\t\t<div class=\"e-gallery-image elementor-gallery-item__image\" data-thumbnail=\"https:\/\/uttijuana.edu.mx\/wp-content\/uploads\/2023\/07\/06-07-2023-2-300x200.jpeg\" data-width=\"300\" data-height=\"200\" aria-label=\"\" role=\"img\" ><\/div>\n\t\t\t\t\t\t\t\t\t\t\t<div class=\"elementor-gallery-item__overlay\"><\/div>\n\t\t\t\t\t\t\t\t\t\t\t\t\t\t<\/a>\n\t\t\t\t\t\t\t<a class=\"e-gallery-item elementor-gallery-item elementor-animated-content\" href=\"https:\/\/uttijuana.edu.mx\/wp-content\/uploads\/2023\/07\/06-07-2023-3.jpeg\" data-elementor-open-lightbox=\"yes\" data-elementor-lightbox-slideshow=\"64505a47\" data-elementor-lightbox-title=\"06-07-2023-3\" data-e-action-hash=\"#elementor-action%3Aaction%3Dlightbox%26settings%3DeyJpZCI6MTIzMzgsInVybCI6Imh0dHBzOlwvXC91dHRpanVhbmEuZWR1Lm14XC93cC1jb250ZW50XC91cGxvYWRzXC8yMDIzXC8wN1wvMDYtMDctMjAyMy0zLmpwZWciLCJzbGlkZXNob3ciOiI2NDUwNWE0NyJ9\">\n\t\t\t\t\t<div class=\"e-gallery-image elementor-gallery-item__image\" data-thumbnail=\"https:\/\/uttijuana.edu.mx\/wp-content\/uploads\/2023\/07\/06-07-2023-3-300x200.jpeg\" data-width=\"300\" data-height=\"200\" aria-label=\"\" role=\"img\" ><\/div>\n\t\t\t\t\t\t\t\t\t\t\t<div class=\"elementor-gallery-item__overlay\"><\/div>\n\t\t\t\t\t\t\t\t\t\t\t\t\t\t<\/a>\n\t\t\t\t\t<\/div>\n\t\t\t\t\t<\/div>\n\t\t\t\t<\/div>\n\t\t\t\t<div class=\"elementor-element elementor-element-2f1571e1 elementor-widget elementor-widget-spacer\" data-id=\"2f1571e1\" data-element_type=\"widget\" data-widget_type=\"spacer.default\">\n\t\t\t\t<div class=\"elementor-widget-container\">\n\t\t\t\t\t\t\t<div class=\"elementor-spacer\">\n\t\t\t<div class=\"elementor-spacer-inner\"><\/div>\n\t\t<\/div>\n\t\t\t\t\t\t<\/div>\n\t\t\t\t<\/div>\n\t\t\t\t\t<\/div>\n\t\t<\/div>\n\t\t\t\t\t<\/div>\n\t\t<\/section>\n\t\t\t\t<\/div>\n\t\t","protected":false},"excerpt":{"rendered":"<p>RINDE CUENTAS RECTOR DE UTT A ESTUDIANTES TRAS ASISTIR AL PARIS AIR SHOW 2023 Jueves, 6 de julio de 2023 *Estudiantes pudieron conocer de primera mano los resultados de las reuniones que sostuvo el rector como parte de la comitiva del Gobierno de Baja California TIJUANA.- En un ejercicio de rendici\u00f3n de cuentas, el rector de la Universidad Tecnol\u00f3gica de Tijuana, Salvador Morales Riub\u00ed se reuni\u00f3 con estudiantes de Ingenier\u00eda en Mecatr\u00f3nica e Ingenier\u00eda en Manufactura Aeron\u00e1utica para darles a conocer los resultados de la gira de trabajo que realiz\u00f3 en Francia, tras asistir al Paris Air Show 2023. Explic\u00f3 que acudi\u00f3 al evento m\u00e1s importante a nivel mundial del sector aeron\u00e1utico y aeroespacial como parte de la comitiva del Gobierno de Baja California, que encabez\u00f3 el secretario de Econom\u00eda e Innovaci\u00f3n, Kurt Honold Morales, y que tambi\u00e9n estuvo integrada por los rectores de la Universidad Aut\u00f3noma de Baja California y de Cetys Universidad. \u201cLa UTT y las universidades tecnol\u00f3gicas estamos comprometidas con la formaci\u00f3n profesional de alumnas y alumnos que resuelvan problemas, que atiendan al desarrollo cient\u00edfico, que tengan la capacidad para crear, desarrollar e innovar, necesitamos conectarnos con el presente, que ya es el futuro. Queremos que se lleven de aqu\u00ed todas las herramientas necesarias para mejorar nuestro mundo\u201d, expres\u00f3. Durante el Paris Air Show, indic\u00f3, sostuvieron reuniones con empresas de gran relevancia mundial como Honeywell Aerospace, Safran, Collins Aerospace, GNK Aeroespace, Airbus y Gulfstream, entre otras, que en algunos casos ya tienen operaciones en Baja California y que est\u00e1n en la b\u00fasqueda permanente de talento para el dise\u00f1o y manufactura de aeronaves, jets de negocios, helic\u00f3pteros, as\u00ed como para el desarrollo de aviaci\u00f3n militar y espacial. Tambi\u00e9n se firm\u00f3 un convenio de colaboraci\u00f3n con la empresa Dassault Systems, encaminado a reforzar el desarrollo de los centros de innovaci\u00f3n y asisti\u00f3 a la conferencia \u201cEducaci\u00f3n, Innovaci\u00f3n y Desarrollo de Talento Humano\u201d, organizada por Dassault Systems, Boeing, Safran y Airbus. Morales Riub\u00ed destac\u00f3 la importancia de que la Universidad Tecnol\u00f3gica de Tijuana haya estado presente en el Paris Air Show, porque pudo hablar con los altos ejecutivos de empresas del sector aeroespacial y aeron\u00e1utico sobre el talento que est\u00e1 en formaci\u00f3n en las aulas, y resaltar la gran capacidad que tienen las y los estudiantes de UTT para adecuarse a las nuevas tecnolog\u00edas. En su presentaci\u00f3n, el rector mostr\u00f3 a las y los estudiantes, as\u00ed como al personal docente, una recopilaci\u00f3n de fotograf\u00edas de las aeronaves que fueron exhibidas en el Paris Air Show y lo \u00faltimo en tecnolog\u00eda, tanto para vuelos comerciales y de drones, as\u00ed como para temas de defensa y seguridad nacional.<\/p>\n","protected":false},"author":2,"featured_media":0,"parent":0,"menu_order":0,"comment_status":"closed","ping_status":"closed","template":"","meta":{"_monsterinsights_skip_tracking":false,"_monsterinsights_sitenote_active":false,"_monsterinsights_sitenote_note":"","_monsterinsights_sitenote_category":0,"_uf_show_specific_survey":0,"_uf_disable_surveys":false,"site-sidebar-layout":"no-sidebar","site-content-layout":"page-builder","ast-site-content-layout":"default","site-content-style":"default","site-sidebar-style":"default","ast-global-header-display":"","ast-banner-title-visibility":"","ast-main-header-display":"","ast-hfb-above-header-display":"","ast-hfb-below-header-display":"","ast-hfb-mobile-header-display":"","site-post-title":"disabled","ast-breadcrumbs-content":"","ast-featured-img":"disabled","footer-sml-layout":"","ast-disable-related-posts":"","theme-transparent-header-meta":"","adv-header-id-meta":"","stick-header-meta":"","header-above-stick-meta":"","header-main-stick-meta":"","header-below-stick-meta":"","astra-migrate-meta-layouts":"default","ast-page-background-enabled":"default","ast-page-background-meta":{"desktop":{"background-color":"","background-image":"","background-repeat":"repeat","background-position":"center center","background-size":"auto","background-attachment":"scroll","background-type":"","background-media":"","overlay-type":"","overlay-color":"","overlay-opacity":"","overlay-gradient":""},"tablet":{"background-color":"","background-image":"","background-repeat":"repeat","background-position":"center center","background-size":"auto","background-attachment":"scroll","background-type":"","background-media":"","overlay-type":"","overlay-color":"","overlay-opacity":"","overlay-gradient":""},"mobile":{"background-color":"","background-image":"","background-repeat":"repeat","background-position":"center center","background-size":"auto","background-attachment":"scroll","background-type":"","background-media":"","overlay-type":"","overlay-color":"","overlay-opacity":"","overlay-gradient":""}},"ast-content-background-meta":{"desktop":{"background-color":"var(--ast-global-color-5)","background-image":"","background-repeat":"repeat","background-position":"center center","background-size":"auto","background-attachment":"scroll","background-type":"","background-media":"","overlay-type":"","overlay-color":"","overlay-opacity":"","overlay-gradient":""},"tablet":{"background-color":"var(--ast-global-color-5)","background-image":"","background-repeat":"repeat","background-position":"center center","background-size":"auto","background-attachment":"scroll","background-type":"","background-media":"","overlay-type":"","overlay-color":"","overlay-opacity":"","overlay-gradient":""},"mobile":{"background-color":"var(--ast-global-color-5)","background-image":"","background-repeat":"repeat","background-position":"center center","background-size":"auto","background-attachment":"scroll","background-type":"","background-media":"","overlay-type":"","overlay-color":"","overlay-opacity":"","overlay-gradient":""}},"footnotes":""},"class_list":["post-12341","page","type-page","status-publish","hentry"],"_links":{"self":[{"href":"https:\/\/uttijuana.edu.mx\/index.php\/wp-json\/wp\/v2\/pages\/12341","targetHints":{"allow":["GET"]}}],"collection":[{"href":"https:\/\/uttijuana.edu.mx\/index.php\/wp-json\/wp\/v2\/pages"}],"about":[{"href":"https:\/\/uttijuana.edu.mx\/index.php\/wp-json\/wp\/v2\/types\/page"}],"author":[{"embeddable":true,"href":"https:\/\/uttijuana.edu.mx\/index.php\/wp-json\/wp\/v2\/users\/2"}],"replies":[{"embeddable":true,"href":"https:\/\/uttijuana.edu.mx\/index.php\/wp-json\/wp\/v2\/comments?post=12341"}],"version-history":[{"count":4,"href":"https:\/\/uttijuana.edu.mx\/index.php\/wp-json\/wp\/v2\/pages\/12341\/revisions"}],"predecessor-version":[{"id":12346,"href":"https:\/\/uttijuana.edu.mx\/index.php\/wp-json\/wp\/v2\/pages\/12341\/revisions\/12346"}],"wp:attachment":[{"href":"https:\/\/uttijuana.edu.mx\/index.php\/wp-json\/wp\/v2\/media?parent=12341"}],"curies":[{"name":"wp","href":"https:\/\/api.w.org\/{rel}","templated":true}]}}