{"id":12828,"date":"2023-08-29T21:41:00","date_gmt":"2023-08-29T21:41:00","guid":{"rendered":"https:\/\/uttijuana.edu.mx\/?page_id=12828"},"modified":"2023-08-29T23:19:27","modified_gmt":"2023-08-29T23:19:27","slug":"conoce-a-nuestro-equipo-mixto-de-flag-campeonesdel-torneo-de-la-liga-flag-4-all","status":"publish","type":"page","link":"https:\/\/uttijuana.edu.mx\/index.php\/conoce-a-nuestro-equipo-mixto-de-flag-campeonesdel-torneo-de-la-liga-flag-4-all\/","title":{"rendered":"CONOCE A NUESTRO EQUIPO MIXTO DE FLAG, CAMPEONESDEL TORNEO DE LA LIGA FLAG 4 ALL"},"content":{"rendered":"\t\t<div data-elementor-type=\"wp-page\" data-elementor-id=\"12828\" class=\"elementor elementor-12828\" data-elementor-post-type=\"page\">\n\t\t\t\t\t\t<section class=\"elementor-section elementor-top-section elementor-element elementor-element-4eeed66d elementor-section-boxed elementor-section-height-default elementor-section-height-default wpr-particle-no wpr-jarallax-no wpr-parallax-no wpr-sticky-section-no\" data-id=\"4eeed66d\" data-element_type=\"section\">\n\t\t\t\t\t\t<div class=\"elementor-container elementor-column-gap-default\">\n\t\t\t\t\t<div class=\"elementor-column elementor-col-100 elementor-top-column elementor-element elementor-element-1d7e0584\" data-id=\"1d7e0584\" data-element_type=\"column\">\n\t\t\t<div class=\"elementor-widget-wrap elementor-element-populated\">\n\t\t\t\t\t\t<div class=\"elementor-element elementor-element-a801bfa elementor-widget elementor-widget-heading\" data-id=\"a801bfa\" data-element_type=\"widget\" data-widget_type=\"heading.default\">\n\t\t\t\t<div class=\"elementor-widget-container\">\n\t\t\t\t\t<h2 class=\"elementor-heading-title elementor-size-default\">CONOCE A NUESTRO EQUIPO MIXTO DE FLAG, CAMPEONES\nDEL TORNEO DE LA LIGA FLAG 4 ALL<\/h2>\t\t\t\t<\/div>\n\t\t\t\t<\/div>\n\t\t\t\t<div class=\"elementor-element elementor-element-b2c11fe elementor-widget elementor-widget-image\" data-id=\"b2c11fe\" data-element_type=\"widget\" data-widget_type=\"image.default\">\n\t\t\t\t<div class=\"elementor-widget-container\">\n\t\t\t\t\t\t\t\t\t\t\t\t\t\t\t<img fetchpriority=\"high\" decoding=\"async\" width=\"768\" height=\"512\" src=\"https:\/\/uttijuana.edu.mx\/wp-content\/uploads\/2023\/08\/EQUIPO-MIXTO-DE-FLAG-1-768x512.jpg\" class=\"attachment-medium_large size-medium_large wp-image-12824\" alt=\"\" srcset=\"https:\/\/uttijuana.edu.mx\/wp-content\/uploads\/2023\/08\/EQUIPO-MIXTO-DE-FLAG-1-768x512.jpg 768w, https:\/\/uttijuana.edu.mx\/wp-content\/uploads\/2023\/08\/EQUIPO-MIXTO-DE-FLAG-1-300x200.jpg 300w, https:\/\/uttijuana.edu.mx\/wp-content\/uploads\/2023\/08\/EQUIPO-MIXTO-DE-FLAG-1-1024x683.jpg 1024w, https:\/\/uttijuana.edu.mx\/wp-content\/uploads\/2023\/08\/EQUIPO-MIXTO-DE-FLAG-1-1536x1024.jpg 1536w, https:\/\/uttijuana.edu.mx\/wp-content\/uploads\/2023\/08\/EQUIPO-MIXTO-DE-FLAG-1-2048x1365.jpg 2048w\" sizes=\"(max-width: 768px) 100vw, 768px\" \/>\t\t\t\t\t\t\t\t\t\t\t\t\t\t\t<\/div>\n\t\t\t\t<\/div>\n\t\t\t\t<div class=\"elementor-element elementor-element-6f739cc elementor-widget elementor-widget-heading\" data-id=\"6f739cc\" data-element_type=\"widget\" data-widget_type=\"heading.default\">\n\t\t\t\t<div class=\"elementor-widget-container\">\n\t\t\t\t\t<h5 class=\"elementor-heading-title elementor-size-medium\"><blockquote>*Sienten el orgullo de poder representar a su universidad<p> <\/p>\n\nTIJUANA.- Su deseo de estudiar una carrera profesional fue los trajo\nhasta la Universidad Tecnol\u00f3gica de Tijuana, sin embargo el formar\nparte del equipo mixto de flag football fue el ingrediente motivacional\nque necesitaban para traer m\u00e1s que puesta la camiseta de los\nCuervos.<p> <\/p>\n\nAhora que lleg\u00f3 el campeonato en la Liga Flag 4 All, despu\u00e9s de una\ntemporada de muchos retos en la lograron balancear los\nentrenamientos y los juegos con sus estudios, aspiran a llegar m\u00e1s\nlejos.<p> <\/p>\n\nConoce las impresiones y la historia de sus integrantes:<p> <\/p>\n\n<b>  Mariana Ruiz<p> \nLic. en Desarrollo de Negocios y Mercadotecnia<\/p><p> <\/p><\/b>\n\nComenc\u00e9 a seguir las redes sociales de UTT en mi \u00faltimo semestre de\nprepa y empec\u00e9 a ver las publicaciones de que hab\u00eda muchachas en\nun equipo de flag. Yo le dec\u00eda a mi mam\u00e1 \u201cquiero entrar al equipo de\nflag\u201d y ella me dec\u00eda \u201cprimero queda en la UTT\u201d.<p> <\/p>\n\nCuando qued\u00e9 fue lo primero que hice, fui a Extensi\u00f3n Universitaria y\ndespu\u00e9s de un tiempo fui seleccionada. Sent\u00ed muy bonito de haber\nganado el torneo junto a mis compa\u00f1eros; s\u00ed pude lograr ese objetivo\nque ten\u00eda.<p> <\/p>\n\n<b>Paulina L\u00f3pez<p>\nLic. en Desarrollo de Negocios y Mercadotecnia<\/p><p> <\/p><\/b>\nEn la prepa estuve en un equipo de flag, llegando a la UTT quer\u00eda\nintentarlo, me gust\u00f3, es algo nuevo. Llevo un a\u00f1o en el equipo, he\naprendido muchas cosas, la disciplina me ha ayudado mucho, soy de\nlas que no faltan a entrenar, me ayuda a organizarme con mis tareas y\nproyectos.<p> <\/p>\n\nMe dio mucho gusto ganar el campeonato, es el primero que me toca;\nest\u00e1bamos muy felices, no lo esper\u00e1bamos, sent\u00ed mucha felicidad\nporque siempre quise ser parte de este equipo y ganar.<p> <\/p>\n\n\n<b>Cosme Arellano<p> \nIng. en Electromec\u00e1nica Industrial<p> <\/p><\/b>\nSupe del equipo de flag en el curso proped\u00e9utico, me gusta este\ndeporte, me parece que es muy divertido, explosivo y haces amistades\nnuevas, aprendes mucha disciplina tambi\u00e9n.\nMe gust\u00f3 ver c\u00f3mo todos est\u00e1bamos muy felices, en equipo,<p> <\/p>\n\ndisfrutando el campeonato, como una familia, porque eso es lo que\nsomos, nos llevamos muy bien, vamos a divertirnos y a ganar. A parte\nme gusta representar a mi universidad y darle este campeonato.<\/blockquote><\/h5>\t\t\t\t<\/div>\n\t\t\t\t<\/div>\n\t\t\t\t\t<\/div>\n\t\t<\/div>\n\t\t\t\t\t<\/div>\n\t\t<\/section>\n\t\t\t\t<section class=\"elementor-section elementor-top-section elementor-element elementor-element-6c01aeb elementor-section-boxed elementor-section-height-default elementor-section-height-default wpr-particle-no wpr-jarallax-no wpr-parallax-no wpr-sticky-section-no\" data-id=\"6c01aeb\" data-element_type=\"section\">\n\t\t\t\t\t\t<div class=\"elementor-container elementor-column-gap-default\">\n\t\t\t\t\t<div class=\"elementor-column elementor-col-50 elementor-top-column elementor-element elementor-element-922421f\" data-id=\"922421f\" data-element_type=\"column\">\n\t\t\t<div class=\"elementor-widget-wrap elementor-element-populated\">\n\t\t\t\t\t\t<div class=\"elementor-element elementor-element-d27dbb2 elementor-widget elementor-widget-image\" data-id=\"d27dbb2\" data-element_type=\"widget\" data-widget_type=\"image.default\">\n\t\t\t\t<div class=\"elementor-widget-container\">\n\t\t\t\t\t\t\t\t\t\t\t\t\t\t\t<img decoding=\"async\" width=\"1024\" height=\"683\" data-src=\"https:\/\/uttijuana.edu.mx\/wp-content\/uploads\/2023\/08\/EQUIPO-MIXTO-DE-FLAG-3-1024x683.jpg\" class=\"attachment-large size-large wp-image-12822 lazyload\" alt=\"\" data-srcset=\"https:\/\/uttijuana.edu.mx\/wp-content\/uploads\/2023\/08\/EQUIPO-MIXTO-DE-FLAG-3-1024x683.jpg 1024w, https:\/\/uttijuana.edu.mx\/wp-content\/uploads\/2023\/08\/EQUIPO-MIXTO-DE-FLAG-3-300x200.jpg 300w, https:\/\/uttijuana.edu.mx\/wp-content\/uploads\/2023\/08\/EQUIPO-MIXTO-DE-FLAG-3-768x512.jpg 768w, https:\/\/uttijuana.edu.mx\/wp-content\/uploads\/2023\/08\/EQUIPO-MIXTO-DE-FLAG-3-1536x1024.jpg 1536w, https:\/\/uttijuana.edu.mx\/wp-content\/uploads\/2023\/08\/EQUIPO-MIXTO-DE-FLAG-3-2048x1365.jpg 2048w\" data-sizes=\"(max-width: 1024px) 100vw, 1024px\" src=\"data:image\/gif;base64,R0lGODlhAQABAAAAACH5BAEKAAEALAAAAAABAAEAAAICTAEAOw==\" style=\"--smush-placeholder-width: 1024px; --smush-placeholder-aspect-ratio: 1024\/683;\" \/>\t\t\t\t\t\t\t\t\t\t\t\t\t\t\t<\/div>\n\t\t\t\t<\/div>\n\t\t\t\t\t<\/div>\n\t\t<\/div>\n\t\t\t\t<div class=\"elementor-column elementor-col-50 elementor-top-column elementor-element elementor-element-d6bafa5\" data-id=\"d6bafa5\" data-element_type=\"column\">\n\t\t\t<div class=\"elementor-widget-wrap elementor-element-populated\">\n\t\t\t\t\t\t<div class=\"elementor-element elementor-element-bb182c2 elementor-widget elementor-widget-image\" data-id=\"bb182c2\" data-element_type=\"widget\" data-widget_type=\"image.default\">\n\t\t\t\t<div class=\"elementor-widget-container\">\n\t\t\t\t\t\t\t\t\t\t\t\t\t\t\t<img decoding=\"async\" width=\"1024\" height=\"683\" data-src=\"https:\/\/uttijuana.edu.mx\/wp-content\/uploads\/2023\/08\/EQUIPO-MIXTO-DE-FLAG-5-1024x683.jpg\" class=\"attachment-large size-large wp-image-12820 lazyload\" alt=\"\" data-srcset=\"https:\/\/uttijuana.edu.mx\/wp-content\/uploads\/2023\/08\/EQUIPO-MIXTO-DE-FLAG-5-1024x683.jpg 1024w, https:\/\/uttijuana.edu.mx\/wp-content\/uploads\/2023\/08\/EQUIPO-MIXTO-DE-FLAG-5-300x200.jpg 300w, https:\/\/uttijuana.edu.mx\/wp-content\/uploads\/2023\/08\/EQUIPO-MIXTO-DE-FLAG-5-768x512.jpg 768w, https:\/\/uttijuana.edu.mx\/wp-content\/uploads\/2023\/08\/EQUIPO-MIXTO-DE-FLAG-5-1536x1024.jpg 1536w, https:\/\/uttijuana.edu.mx\/wp-content\/uploads\/2023\/08\/EQUIPO-MIXTO-DE-FLAG-5-2048x1365.jpg 2048w\" data-sizes=\"(max-width: 1024px) 100vw, 1024px\" src=\"data:image\/gif;base64,R0lGODlhAQABAAAAACH5BAEKAAEALAAAAAABAAEAAAICTAEAOw==\" style=\"--smush-placeholder-width: 1024px; --smush-placeholder-aspect-ratio: 1024\/683;\" \/>\t\t\t\t\t\t\t\t\t\t\t\t\t\t\t<\/div>\n\t\t\t\t<\/div>\n\t\t\t\t\t<\/div>\n\t\t<\/div>\n\t\t\t\t\t<\/div>\n\t\t<\/section>\n\t\t\t\t<section class=\"elementor-section elementor-top-section elementor-element elementor-element-6c6cab7 elementor-section-boxed elementor-section-height-default elementor-section-height-default wpr-particle-no wpr-jarallax-no wpr-parallax-no wpr-sticky-section-no\" data-id=\"6c6cab7\" data-element_type=\"section\">\n\t\t\t\t\t\t<div class=\"elementor-container elementor-column-gap-default\">\n\t\t\t\t\t<div class=\"elementor-column elementor-col-100 elementor-top-column elementor-element elementor-element-69b3200\" data-id=\"69b3200\" data-element_type=\"column\">\n\t\t\t<div class=\"elementor-widget-wrap elementor-element-populated\">\n\t\t\t\t\t\t<div class=\"elementor-element elementor-element-4922f63 elementor-widget elementor-widget-heading\" data-id=\"4922f63\" data-element_type=\"widget\" data-widget_type=\"heading.default\">\n\t\t\t\t<div class=\"elementor-widget-container\">\n\t\t\t\t\t<h5 class=\"elementor-heading-title elementor-size-medium\"><BLOCKQUOTE>\n\n<b>Antonio Vargas<p> \n\nIng. en Energ\u00edas Renovables<p> <\/p><\/b>\n\nIngres\u00e9 al equipo de Flag desde el 2019, fui el primero del equipo\nmixto. Lo que m\u00e1s me gusta es que somos como una familia, nos\napoyamos entre todos y nos motivamos a dar lo mejor, aunque hay\naltas y bajas.<p> <\/p>\n\nSignific\u00f3 mucho para m\u00ed este campeonato, porque estoy orgulloso de\nrepresentar a mi universidad. El flag es un deporte divertido, yo los\ninvito a que lo conozcan.<p> <\/p>\n\n\n<b>Jorge Armando Guerrero<p> \nIng. en Electromec\u00e1nica Industrial<p> <\/p><\/b>\nSupe que exist\u00eda el equipo de flag hace un a\u00f1o, cuando entr\u00e9 al\nproped\u00e9utico; pregunt\u00e9 y me met\u00ed, me gust\u00f3 mucho, llevo tres\ntemporadas.<p> <\/p>\n\nMe da mucho gusto que haya compa\u00f1eros que quieran seguir en este\ndeporte, para muchos es nuevo, no lo conocen. Otros me han preguntado c\u00f3mo pueden entrar a la UTT para formar parte de nuestro\nequipo, eso me da orgullo, porque demostramos que estamos unidos\ncomo compa\u00f1eros universitarios y de equipo.<p> <\/p>\n\nSiempre cre\u00ed que pod\u00edamos ganar un campeonato, nada m\u00e1s era\ncuesti\u00f3n de que todos se lo creyeran, me emocion\u00e9 mucho, la verdad.<p> <\/p><b> \n\n\u00a1Felicidades a nuestro equipo de flag!<p> <\/p>\n\n\u00a1Somos Cuervos!<\/h5>\t\t\t\t<\/div>\n\t\t\t\t<\/div>\n\t\t\t\t\t<\/div>\n\t\t<\/div>\n\t\t\t\t\t<\/div>\n\t\t<\/section>\n\t\t\t\t<section class=\"elementor-section elementor-top-section elementor-element elementor-element-a7eea7e elementor-section-boxed elementor-section-height-default elementor-section-height-default wpr-particle-no wpr-jarallax-no wpr-parallax-no wpr-sticky-section-no\" data-id=\"a7eea7e\" data-element_type=\"section\">\n\t\t\t\t\t\t<div class=\"elementor-container elementor-column-gap-default\">\n\t\t\t\t\t<div class=\"elementor-column elementor-col-33 elementor-top-column elementor-element elementor-element-02b5259\" data-id=\"02b5259\" data-element_type=\"column\">\n\t\t\t<div class=\"elementor-widget-wrap elementor-element-populated\">\n\t\t\t\t\t\t<div class=\"elementor-element elementor-element-22d1bae elementor-widget elementor-widget-image\" data-id=\"22d1bae\" data-element_type=\"widget\" data-widget_type=\"image.default\">\n\t\t\t\t<div class=\"elementor-widget-container\">\n\t\t\t\t\t\t\t\t\t\t\t\t\t\t\t<img decoding=\"async\" width=\"1024\" height=\"683\" data-src=\"https:\/\/uttijuana.edu.mx\/wp-content\/uploads\/2023\/08\/EQUIPO-MIXTO-DE-FLAG-2-1024x683.jpg\" class=\"attachment-large size-large wp-image-12823 lazyload\" alt=\"\" data-srcset=\"https:\/\/uttijuana.edu.mx\/wp-content\/uploads\/2023\/08\/EQUIPO-MIXTO-DE-FLAG-2-1024x683.jpg 1024w, https:\/\/uttijuana.edu.mx\/wp-content\/uploads\/2023\/08\/EQUIPO-MIXTO-DE-FLAG-2-300x200.jpg 300w, https:\/\/uttijuana.edu.mx\/wp-content\/uploads\/2023\/08\/EQUIPO-MIXTO-DE-FLAG-2-768x512.jpg 768w, https:\/\/uttijuana.edu.mx\/wp-content\/uploads\/2023\/08\/EQUIPO-MIXTO-DE-FLAG-2-1536x1024.jpg 1536w, https:\/\/uttijuana.edu.mx\/wp-content\/uploads\/2023\/08\/EQUIPO-MIXTO-DE-FLAG-2-2048x1365.jpg 2048w\" data-sizes=\"(max-width: 1024px) 100vw, 1024px\" src=\"data:image\/gif;base64,R0lGODlhAQABAAAAACH5BAEKAAEALAAAAAABAAEAAAICTAEAOw==\" style=\"--smush-placeholder-width: 1024px; --smush-placeholder-aspect-ratio: 1024\/683;\" \/>\t\t\t\t\t\t\t\t\t\t\t\t\t\t\t<\/div>\n\t\t\t\t<\/div>\n\t\t\t\t\t<\/div>\n\t\t<\/div>\n\t\t\t\t<div class=\"elementor-column elementor-col-33 elementor-top-column elementor-element elementor-element-2f90631\" data-id=\"2f90631\" data-element_type=\"column\">\n\t\t\t<div class=\"elementor-widget-wrap elementor-element-populated\">\n\t\t\t\t\t\t<div class=\"elementor-element elementor-element-c2065bc elementor-widget elementor-widget-image\" data-id=\"c2065bc\" data-element_type=\"widget\" data-widget_type=\"image.default\">\n\t\t\t\t<div class=\"elementor-widget-container\">\n\t\t\t\t\t\t\t\t\t\t\t\t\t\t\t<img decoding=\"async\" width=\"1024\" height=\"683\" data-src=\"https:\/\/uttijuana.edu.mx\/wp-content\/uploads\/2023\/08\/EQUIPO-MIXTO-DE-FLAG-4-1024x683.jpg\" class=\"attachment-large size-large wp-image-12821 lazyload\" alt=\"\" data-srcset=\"https:\/\/uttijuana.edu.mx\/wp-content\/uploads\/2023\/08\/EQUIPO-MIXTO-DE-FLAG-4-1024x683.jpg 1024w, https:\/\/uttijuana.edu.mx\/wp-content\/uploads\/2023\/08\/EQUIPO-MIXTO-DE-FLAG-4-300x200.jpg 300w, https:\/\/uttijuana.edu.mx\/wp-content\/uploads\/2023\/08\/EQUIPO-MIXTO-DE-FLAG-4-768x512.jpg 768w, https:\/\/uttijuana.edu.mx\/wp-content\/uploads\/2023\/08\/EQUIPO-MIXTO-DE-FLAG-4-1536x1024.jpg 1536w, https:\/\/uttijuana.edu.mx\/wp-content\/uploads\/2023\/08\/EQUIPO-MIXTO-DE-FLAG-4-2048x1365.jpg 2048w\" data-sizes=\"(max-width: 1024px) 100vw, 1024px\" src=\"data:image\/gif;base64,R0lGODlhAQABAAAAACH5BAEKAAEALAAAAAABAAEAAAICTAEAOw==\" style=\"--smush-placeholder-width: 1024px; --smush-placeholder-aspect-ratio: 1024\/683;\" \/>\t\t\t\t\t\t\t\t\t\t\t\t\t\t\t<\/div>\n\t\t\t\t<\/div>\n\t\t\t\t\t<\/div>\n\t\t<\/div>\n\t\t\t\t<div class=\"elementor-column elementor-col-33 elementor-top-column elementor-element elementor-element-41b090d\" data-id=\"41b090d\" data-element_type=\"column\">\n\t\t\t<div class=\"elementor-widget-wrap elementor-element-populated\">\n\t\t\t\t\t\t<div class=\"elementor-element elementor-element-a4af5f3 elementor-widget elementor-widget-image\" data-id=\"a4af5f3\" data-element_type=\"widget\" data-widget_type=\"image.default\">\n\t\t\t\t<div class=\"elementor-widget-container\">\n\t\t\t\t\t\t\t\t\t\t\t\t\t\t\t<img decoding=\"async\" data-src=\"https:\/\/uttijuana.edu.mx\/wp-content\/uploads\/elementor\/thumbs\/EQUIPO-MIXTO-DE-FLAG-6-qbn7aycb1syla17md48uodrym6r9szrx2wlhmyi3j4.jpeg\" title=\"EQUIPO MIXTO DE FLAG 6\" alt=\"EQUIPO MIXTO DE FLAG 6\" src=\"data:image\/gif;base64,R0lGODlhAQABAAAAACH5BAEKAAEALAAAAAABAAEAAAICTAEAOw==\" class=\"lazyload\" style=\"--smush-placeholder-width: 300px; --smush-placeholder-aspect-ratio: 300\/240;\" \/>\t\t\t\t\t\t\t\t\t\t\t\t\t\t\t<\/div>\n\t\t\t\t<\/div>\n\t\t\t\t\t<\/div>\n\t\t<\/div>\n\t\t\t\t\t<\/div>\n\t\t<\/section>\n\t\t\t\t<section class=\"elementor-section elementor-top-section elementor-element elementor-element-49517bf elementor-section-boxed elementor-section-height-default elementor-section-height-default wpr-particle-no wpr-jarallax-no wpr-parallax-no wpr-sticky-section-no\" data-id=\"49517bf\" data-element_type=\"section\">\n\t\t\t\t\t\t<div class=\"elementor-container elementor-column-gap-default\">\n\t\t\t\t\t<div class=\"elementor-column elementor-col-100 elementor-top-column elementor-element elementor-element-956d29c\" data-id=\"956d29c\" data-element_type=\"column\">\n\t\t\t<div class=\"elementor-widget-wrap elementor-element-populated\">\n\t\t\t\t\t\t<div class=\"elementor-element elementor-element-211f9ff elementor-widget elementor-widget-spacer\" data-id=\"211f9ff\" data-element_type=\"widget\" data-widget_type=\"spacer.default\">\n\t\t\t\t<div class=\"elementor-widget-container\">\n\t\t\t\t\t\t\t<div class=\"elementor-spacer\">\n\t\t\t<div class=\"elementor-spacer-inner\"><\/div>\n\t\t<\/div>\n\t\t\t\t\t\t<\/div>\n\t\t\t\t<\/div>\n\t\t\t\t\t<\/div>\n\t\t<\/div>\n\t\t\t\t\t<\/div>\n\t\t<\/section>\n\t\t\t\t<\/div>\n\t\t","protected":false},"excerpt":{"rendered":"<p>CONOCE A NUESTRO EQUIPO MIXTO DE FLAG, CAMPEONES DEL TORNEO DE LA LIGA FLAG 4 ALL *Sienten el orgullo de poder representar a su universidad TIJUANA.- Su deseo de estudiar una carrera profesional fue los trajo hasta la Universidad Tecnol\u00f3gica de Tijuana, sin embargo el formar parte del equipo mixto de flag football fue el ingrediente motivacional que necesitaban para traer m\u00e1s que puesta la camiseta de los Cuervos. Ahora que lleg\u00f3 el campeonato en la Liga Flag 4 All, despu\u00e9s de una temporada de muchos retos en la lograron balancear los entrenamientos y los juegos con sus estudios, aspiran a llegar m\u00e1s lejos. Conoce las impresiones y la historia de sus integrantes: Mariana Ruiz Lic. en Desarrollo de Negocios y Mercadotecnia Comenc\u00e9 a seguir las redes sociales de UTT en mi \u00faltimo semestre de prepa y empec\u00e9 a ver las publicaciones de que hab\u00eda muchachas en un equipo de flag. Yo le dec\u00eda a mi mam\u00e1 \u201cquiero entrar al equipo de flag\u201d y ella me dec\u00eda \u201cprimero queda en la UTT\u201d. Cuando qued\u00e9 fue lo primero que hice, fui a Extensi\u00f3n Universitaria y despu\u00e9s de un tiempo fui seleccionada. Sent\u00ed muy bonito de haber ganado el torneo junto a mis compa\u00f1eros; s\u00ed pude lograr ese objetivo que ten\u00eda. Paulina L\u00f3pez Lic. en Desarrollo de Negocios y Mercadotecnia En la prepa estuve en un equipo de flag, llegando a la UTT quer\u00eda intentarlo, me gust\u00f3, es algo nuevo. Llevo un a\u00f1o en el equipo, he aprendido muchas cosas, la disciplina me ha ayudado mucho, soy de las que no faltan a entrenar, me ayuda a organizarme con mis tareas y proyectos. Me dio mucho gusto ganar el campeonato, es el primero que me toca; est\u00e1bamos muy felices, no lo esper\u00e1bamos, sent\u00ed mucha felicidad porque siempre quise ser parte de este equipo y ganar. Cosme Arellano Ing. en Electromec\u00e1nica Industrial Supe del equipo de flag en el curso proped\u00e9utico, me gusta este deporte, me parece que es muy divertido, explosivo y haces amistades nuevas, aprendes mucha disciplina tambi\u00e9n. Me gust\u00f3 ver c\u00f3mo todos est\u00e1bamos muy felices, en equipo, disfrutando el campeonato, como una familia, porque eso es lo que somos, nos llevamos muy bien, vamos a divertirnos y a ganar. A parte me gusta representar a mi universidad y darle este campeonato. Antonio Vargas Ing. en Energ\u00edas Renovables Ingres\u00e9 al equipo de Flag desde el 2019, fui el primero del equipo mixto. Lo que m\u00e1s me gusta es que somos como una familia, nos apoyamos entre todos y nos motivamos a dar lo mejor, aunque hay altas y bajas. Signific\u00f3 mucho para m\u00ed este campeonato, porque estoy orgulloso de representar a mi universidad. El flag es un deporte divertido, yo los invito a que lo conozcan. Jorge Armando Guerrero Ing. en Electromec\u00e1nica Industrial Supe que exist\u00eda el equipo de flag hace un a\u00f1o, cuando entr\u00e9 al proped\u00e9utico; pregunt\u00e9 y me met\u00ed, me gust\u00f3 mucho, llevo tres temporadas. Me da mucho gusto que haya compa\u00f1eros que quieran seguir en este deporte, para muchos es nuevo, no lo conocen. Otros me han preguntado c\u00f3mo pueden entrar a la UTT para formar parte de nuestro equipo, eso me da orgullo, porque demostramos que estamos unidos como compa\u00f1eros universitarios y de equipo. Siempre cre\u00ed que pod\u00edamos ganar un campeonato, nada m\u00e1s era cuesti\u00f3n de que todos se lo creyeran, me emocion\u00e9 mucho, la verdad. \u00a1Felicidades a nuestro equipo de flag! \u00a1Somos Cuervos!<\/p>\n","protected":false},"author":2,"featured_media":0,"parent":0,"menu_order":0,"comment_status":"closed","ping_status":"closed","template":"","meta":{"_monsterinsights_skip_tracking":false,"_monsterinsights_sitenote_active":false,"_monsterinsights_sitenote_note":"","_monsterinsights_sitenote_category":0,"_uf_show_specific_survey":0,"_uf_disable_surveys":false,"site-sidebar-layout":"no-sidebar","site-content-layout":"page-builder","ast-site-content-layout":"full-width-container","site-content-style":"unboxed","site-sidebar-style":"unboxed","ast-global-header-display":"","ast-banner-title-visibility":"","ast-main-header-display":"","ast-hfb-above-header-display":"","ast-hfb-below-header-display":"","ast-hfb-mobile-header-display":"","site-post-title":"disabled","ast-breadcrumbs-content":"","ast-featured-img":"disabled","footer-sml-layout":"","ast-disable-related-posts":"","theme-transparent-header-meta":"","adv-header-id-meta":"","stick-header-meta":"","header-above-stick-meta":"","header-main-stick-meta":"","header-below-stick-meta":"","astra-migrate-meta-layouts":"set","ast-page-background-enabled":"default","ast-page-background-meta":{"desktop":{"background-color":"","background-image":"","background-repeat":"repeat","background-position":"center center","background-size":"auto","background-attachment":"scroll","background-type":"","background-media":"","overlay-type":"","overlay-color":"","overlay-opacity":"","overlay-gradient":""},"tablet":{"background-color":"","background-image":"","background-repeat":"repeat","background-position":"center center","background-size":"auto","background-attachment":"scroll","background-type":"","background-media":"","overlay-type":"","overlay-color":"","overlay-opacity":"","overlay-gradient":""},"mobile":{"background-color":"","background-image":"","background-repeat":"repeat","background-position":"center center","background-size":"auto","background-attachment":"scroll","background-type":"","background-media":"","overlay-type":"","overlay-color":"","overlay-opacity":"","overlay-gradient":""}},"ast-content-background-meta":{"desktop":{"background-color":"var(--ast-global-color-5)","background-image":"","background-repeat":"repeat","background-position":"center center","background-size":"auto","background-attachment":"scroll","background-type":"","background-media":"","overlay-type":"","overlay-color":"","overlay-opacity":"","overlay-gradient":""},"tablet":{"background-color":"var(--ast-global-color-5)","background-image":"","background-repeat":"repeat","background-position":"center center","background-size":"auto","background-attachment":"scroll","background-type":"","background-media":"","overlay-type":"","overlay-color":"","overlay-opacity":"","overlay-gradient":""},"mobile":{"background-color":"var(--ast-global-color-5)","background-image":"","background-repeat":"repeat","background-position":"center center","background-size":"auto","background-attachment":"scroll","background-type":"","background-media":"","overlay-type":"","overlay-color":"","overlay-opacity":"","overlay-gradient":""}},"footnotes":""},"class_list":["post-12828","page","type-page","status-publish","hentry"],"_links":{"self":[{"href":"https:\/\/uttijuana.edu.mx\/index.php\/wp-json\/wp\/v2\/pages\/12828","targetHints":{"allow":["GET"]}}],"collection":[{"href":"https:\/\/uttijuana.edu.mx\/index.php\/wp-json\/wp\/v2\/pages"}],"about":[{"href":"https:\/\/uttijuana.edu.mx\/index.php\/wp-json\/wp\/v2\/types\/page"}],"author":[{"embeddable":true,"href":"https:\/\/uttijuana.edu.mx\/index.php\/wp-json\/wp\/v2\/users\/2"}],"replies":[{"embeddable":true,"href":"https:\/\/uttijuana.edu.mx\/index.php\/wp-json\/wp\/v2\/comments?post=12828"}],"version-history":[{"count":37,"href":"https:\/\/uttijuana.edu.mx\/index.php\/wp-json\/wp\/v2\/pages\/12828\/revisions"}],"predecessor-version":[{"id":12869,"href":"https:\/\/uttijuana.edu.mx\/index.php\/wp-json\/wp\/v2\/pages\/12828\/revisions\/12869"}],"wp:attachment":[{"href":"https:\/\/uttijuana.edu.mx\/index.php\/wp-json\/wp\/v2\/media?parent=12828"}],"curies":[{"name":"wp","href":"https:\/\/api.w.org\/{rel}","templated":true}]}}