{"id":17708,"date":"2025-06-18T22:47:38","date_gmt":"2025-06-18T22:47:38","guid":{"rendered":"https:\/\/uttijuana.edu.mx\/?page_id=17708"},"modified":"2025-06-19T18:09:56","modified_gmt":"2025-06-19T18:09:56","slug":"noticuervos","status":"publish","type":"page","link":"https:\/\/uttijuana.edu.mx\/index.php\/noticuervos\/","title":{"rendered":"NOTICUERVOS"},"content":{"rendered":"\t\t<div data-elementor-type=\"wp-page\" data-elementor-id=\"17708\" class=\"elementor elementor-17708\" data-elementor-post-type=\"page\">\n\t\t\t\t<div class=\"elementor-element elementor-element-0694e0e e-con-full e-flex wpr-particle-no wpr-jarallax-no wpr-parallax-no wpr-sticky-section-no e-con e-parent\" data-id=\"0694e0e\" data-element_type=\"container\" data-settings=\"{&quot;background_background&quot;:&quot;classic&quot;}\">\n\t\t\t\t<div class=\"elementor-element elementor-element-b2ca246 elementor-widget elementor-widget-spacer\" data-id=\"b2ca246\" data-element_type=\"widget\" data-widget_type=\"spacer.default\">\n\t\t\t\t<div class=\"elementor-widget-container\">\n\t\t\t\t\t\t\t<div class=\"elementor-spacer\">\n\t\t\t<div class=\"elementor-spacer-inner\"><\/div>\n\t\t<\/div>\n\t\t\t\t\t\t<\/div>\n\t\t\t\t<\/div>\n\t\t<div class=\"elementor-element elementor-element-5e0e97d e-flex e-con-boxed wpr-particle-no wpr-jarallax-no wpr-parallax-no wpr-sticky-section-no e-con e-child\" data-id=\"5e0e97d\" data-element_type=\"container\" data-settings=\"{&quot;background_background&quot;:&quot;classic&quot;}\">\n\t\t\t\t\t<div class=\"e-con-inner\">\n\t\t<div class=\"elementor-element elementor-element-b02cdcb e-con-full e-flex wpr-particle-no wpr-jarallax-no wpr-parallax-no wpr-sticky-section-no e-con e-child\" data-id=\"b02cdcb\" data-element_type=\"container\">\n\t\t\t\t<\/div>\n\t\t<div class=\"elementor-element elementor-element-111de3f e-con-full e-flex wpr-particle-no wpr-jarallax-no wpr-parallax-no wpr-sticky-section-no e-con e-child\" data-id=\"111de3f\" data-element_type=\"container\" data-settings=\"{&quot;background_background&quot;:&quot;classic&quot;}\">\n\t\t\t\t<div class=\"elementor-element elementor-element-706663a titulos-pagina elementor-widget elementor-widget-heading\" data-id=\"706663a\" data-element_type=\"widget\" data-widget_type=\"heading.default\">\n\t\t\t\t<div class=\"elementor-widget-container\">\n\t\t\t\t\t<h2 class=\"elementor-heading-title elementor-size-default\">NOTI CUERVOS<\/h2>\t\t\t\t<\/div>\n\t\t\t\t<\/div>\n\t\t\t\t<\/div>\n\t\t<div class=\"elementor-element elementor-element-6c24901 e-con-full e-flex wpr-particle-no wpr-jarallax-no wpr-parallax-no wpr-sticky-section-no e-con e-child\" data-id=\"6c24901\" data-element_type=\"container\">\n\t\t\t\t<\/div>\n\t\t\t\t\t<\/div>\n\t\t\t\t<\/div>\n\t\t\t\t<div class=\"elementor-element elementor-element-df02e38 elementor-widget-divider--view-line elementor-widget elementor-widget-divider\" data-id=\"df02e38\" data-element_type=\"widget\" data-widget_type=\"divider.default\">\n\t\t\t\t<div class=\"elementor-widget-container\">\n\t\t\t\t\t\t\t<div class=\"elementor-divider\">\n\t\t\t<span class=\"elementor-divider-separator\">\n\t\t\t\t\t\t<\/span>\n\t\t<\/div>\n\t\t\t\t\t\t<\/div>\n\t\t\t\t<\/div>\n\t\t\t\t<\/div>\n\t\t<div class=\"elementor-element elementor-element-cfa1094 e-con-full e-flex wpr-particle-no wpr-jarallax-no wpr-parallax-no wpr-sticky-section-no e-con e-parent\" data-id=\"cfa1094\" data-element_type=\"container\" data-settings=\"{&quot;background_background&quot;:&quot;classic&quot;,&quot;background_motion_fx_motion_fx_scrolling&quot;:&quot;yes&quot;,&quot;background_motion_fx_devices&quot;:[&quot;desktop&quot;,&quot;tablet&quot;,&quot;mobile&quot;]}\">\n\t\t<div class=\"elementor-element elementor-element-4919f28 e-con-full e-flex wpr-particle-no wpr-jarallax-no wpr-parallax-no wpr-sticky-section-no e-con e-child\" data-id=\"4919f28\" data-element_type=\"container\" data-settings=\"{&quot;background_background&quot;:&quot;classic&quot;,&quot;background_motion_fx_motion_fx_scrolling&quot;:&quot;yes&quot;,&quot;background_motion_fx_devices&quot;:[&quot;desktop&quot;,&quot;tablet&quot;,&quot;mobile&quot;]}\">\n\t\t\t\t<div class=\"elementor-element elementor-element-c05aac1 elementor-widget elementor-widget-html\" data-id=\"c05aac1\" data-element_type=\"widget\" data-widget_type=\"html.default\">\n\t\t\t\t<div class=\"elementor-widget-container\">\n\t\t\t\t\t<div class=\"filtros-noticuervos\">\r\n    <div class=\"noticuervos-queries\">\r\n        <p>\r\n            Selecciona el a\u00f1o y el mes para ver el bolet\u00edn.\r\n        <\/p>\r\n\r\n        <div class=\"noticuervos-query-container\">\r\n            <div class=\"noticuervos-query\">\r\n                <label class=\"label-noticuervos\" for=\"anio\">A\u00f1o:<\/label>\r\n                <select id=\"anio\" onchange=\"filtrarBoletin()\">\r\n                    <option value=\"\">Selecciona<\/option>\r\n                    <option value=\"2024\">2024<\/option>\r\n                <\/select>\r\n            <\/div>\r\n\r\n            <div class=\"noticuervos-query\">\r\n                <label class=\"label-noticuervos\" for=\"mes\">Mes:<\/label>\r\n                <select id=\"mes\" onchange=\"filtrarBoletin()\">\r\n                    <option value=\"\">Selecciona<\/option>\r\n                    <option value=\"marzo\">Marzo<\/option>\r\n                    <option value=\"abril\">Abril<\/option>\r\n                    <option value=\"mayo\">Mayo<\/option>\r\n                <\/select>\r\n            <\/div>\r\n        <\/div>\r\n    <\/div>\r\n\r\n    <div id=\"contenido-boletin\" style=\"margin-top: 20px;\">\r\n        <img decoding=\"async\" id=\"imagen-boletin\" src=\"\" alt=\"Bolet\u00edn Informativo\" style=\"max-width: 100%; height: auto; display: none;\">\r\n        <p id=\"mensaje-error\" style=\"color: red;\"><\/p>\r\n    <\/div>\r\n<\/div>\r\n\r\n<script>\r\n    const boletines = {\r\n        \"2024\": {\r\n            \"marzo\": \"https:\/\/drive.google.com\/thumbnail?id=1tBmgFSwwdtfCZ5indfudyDGdWKaiItN0&sz=w1000\",\r\n            \"abril\": \"https:\/\/drive.google.com\/thumbnail?id=1vTxyl2hLYiZRt55oA_KXWD96mAEB3MaJ&sz=w1000\",\r\n            \"mayo\": \"https:\/\/drive.google.com\/thumbnail?id=1sVrbjX5Acay4DFwleGep4kb9Bl5C1w0F&sz=w1000\"\r\n        }\r\n    };\r\n\r\n    function filtrarBoletin() {\r\n        const anio = document.getElementById(\"anio\").value;\r\n        const mes = document.getElementById(\"mes\").value;\r\n        const img = document.getElementById(\"imagen-boletin\");\r\n        const msg = document.getElementById(\"mensaje-error\");\r\n\r\n        if (anio && mes && boletines[anio] && boletines[anio][mes]) {\r\n            img.src = boletines[anio][mes];\r\n            img.style.display = \"block\";\r\n            msg.textContent = \"\";\r\n        } else {\r\n            img.src = \"\";\r\n            img.style.display = \"none\";\r\n            msg.textContent = \"Bolet\u00edn no disponible para esta combinaci\u00f3n.\";\r\n        }\r\n    }\r\n<\/script>\t\t\t\t<\/div>\n\t\t\t\t<\/div>\n\t\t\t\t<\/div>\n\t\t\t\t<div class=\"elementor-element elementor-element-15972bf elementor-hidden-desktop elementor-hidden-tablet elementor-hidden-mobile elementor-widget elementor-widget-html\" data-id=\"15972bf\" data-element_type=\"widget\" data-widget_type=\"html.default\">\n\t\t\t\t<div class=\"elementor-widget-container\">\n\t\t\t\t\t<h2>Men\u00fa de Boletines<\/h2>\r\n<div id=\"menu-boletines\">\r\n  <button onclick=\"mostrarBoletin('marzo')\">Bolet\u00edn Marzo<\/button>\r\n  <button onclick=\"mostrarBoletin('abril')\">Bolet\u00edn Abril<\/button>\r\n  <button onclick=\"mostrarBoletin('mayo')\">Bolet\u00edn Mayo<\/button>\r\n<\/div>\r\n\r\n<div id=\"contenido-boletin\" style=\"margin-top: 20px;\">\r\n  <!-- Aqu\u00ed se mostrar\u00e1 la imagen del bolet\u00edn -->\r\n  <img decoding=\"async\" id=\"imagen-boletin\" src=\"\" alt=\"Bolet\u00edn Informativo\" style=\"max-width: 100%; height: auto;\">\r\n<\/div>\r\n\r\n<script>\r\n  function mostrarBoletin(mes) {\r\n    const urls = {\r\n      marzo: \"https:\/\/drive.google.com\/thumbnail?id=1tBmgFSwwdtfCZ5indfudyDGdWKaiItN0&sz=w1000\",\r\n      abril: \"https:\/\/drive.google.com\/thumbnail?id=1vTxyl2hLYiZRt55oA_KXWD96mAEB3MaJ&sz=w1000\",\r\n      mayo: \"https:\/\/drive.google.com\/thumbnail?id=1sVrbjX5Acay4DFwleGep4kb9Bl5C1w0F&sz=w1000\",\r\n      \r\n    };\r\n\r\n    const imagen = document.getElementById(\"imagen-boletin\");\r\n    imagen.src = urls[mes];\r\n  }\r\n<\/script>\r\n\t\t\t\t<\/div>\n\t\t\t\t<\/div>\n\t\t\t\t<\/div>\n\t\t<div class=\"elementor-element elementor-element-97f7930 e-con-full elementor-hidden-desktop elementor-hidden-tablet elementor-hidden-mobile e-flex wpr-particle-no wpr-jarallax-no wpr-parallax-no wpr-sticky-section-no e-con e-parent\" data-id=\"97f7930\" data-element_type=\"container\">\n\t\t\t\t<div class=\"elementor-element elementor-element-80dff4d elementor-widget elementor-widget-html\" data-id=\"80dff4d\" data-element_type=\"widget\" data-widget_type=\"html.default\">\n\t\t\t\t<div class=\"elementor-widget-container\">\n\t\t\t\t\t\r\n<img decoding=\"async\" src=\"https:\/\/drive.google.com\/thumbnail?id=1sVrbjX5Acay4DFwleGep4kb9Bl5C1w0F&sz=w1000\" alt=\"Boletin-Mayo-2025\">\r\n\t\t\t\t<\/div>\n\t\t\t\t<\/div>\n\t\t\t\t<\/div>\n\t\t\t\t<\/div>\n\t\t","protected":false},"excerpt":{"rendered":"<p>NOTI CUERVOS Selecciona el a\u00f1o y el mes para ver el bolet\u00edn. A\u00f1o: Selecciona2024 Mes: SeleccionaMarzoAbrilMayo Men\u00fa de Boletines Bolet\u00edn Marzo Bolet\u00edn Abril Bolet\u00edn Mayo<\/p>\n","protected":false},"author":2,"featured_media":0,"parent":0,"menu_order":0,"comment_status":"closed","ping_status":"closed","template":"","meta":{"_monsterinsights_skip_tracking":false,"_monsterinsights_sitenote_active":false,"_monsterinsights_sitenote_note":"","_monsterinsights_sitenote_category":0,"_uf_show_specific_survey":0,"_uf_disable_surveys":false,"site-sidebar-layout":"no-sidebar","site-content-layout":"page-builder","ast-site-content-layout":"full-width-container","site-content-style":"default","site-sidebar-style":"default","ast-global-header-display":"","ast-banner-title-visibility":"","ast-main-header-display":"","ast-hfb-above-header-display":"","ast-hfb-below-header-display":"","ast-hfb-mobile-header-display":"","site-post-title":"disabled","ast-breadcrumbs-content":"","ast-featured-img":"disabled","footer-sml-layout":"","ast-disable-related-posts":"","theme-transparent-header-meta":"","adv-header-id-meta":"","stick-header-meta":"","header-above-stick-meta":"","header-main-stick-meta":"","header-below-stick-meta":"","astra-migrate-meta-layouts":"set","ast-page-background-enabled":"default","ast-page-background-meta":{"desktop":{"background-color":"","background-image":"","background-repeat":"repeat","background-position":"center center","background-size":"auto","background-attachment":"scroll","background-type":"","background-media":"","overlay-type":"","overlay-color":"","overlay-opacity":"","overlay-gradient":""},"tablet":{"background-color":"","background-image":"","background-repeat":"repeat","background-position":"center center","background-size":"auto","background-attachment":"scroll","background-type":"","background-media":"","overlay-type":"","overlay-color":"","overlay-opacity":"","overlay-gradient":""},"mobile":{"background-color":"","background-image":"","background-repeat":"repeat","background-position":"center center","background-size":"auto","background-attachment":"scroll","background-type":"","background-media":"","overlay-type":"","overlay-color":"","overlay-opacity":"","overlay-gradient":""}},"ast-content-background-meta":{"desktop":{"background-color":"var(--ast-global-color-5)","background-image":"","background-repeat":"repeat","background-position":"center center","background-size":"auto","background-attachment":"scroll","background-type":"","background-media":"","overlay-type":"","overlay-color":"","overlay-opacity":"","overlay-gradient":""},"tablet":{"background-color":"var(--ast-global-color-5)","background-image":"","background-repeat":"repeat","background-position":"center center","background-size":"auto","background-attachment":"scroll","background-type":"","background-media":"","overlay-type":"","overlay-color":"","overlay-opacity":"","overlay-gradient":""},"mobile":{"background-color":"var(--ast-global-color-5)","background-image":"","background-repeat":"repeat","background-position":"center center","background-size":"auto","background-attachment":"scroll","background-type":"","background-media":"","overlay-type":"","overlay-color":"","overlay-opacity":"","overlay-gradient":""}},"footnotes":""},"class_list":["post-17708","page","type-page","status-publish","hentry"],"_links":{"self":[{"href":"https:\/\/uttijuana.edu.mx\/index.php\/wp-json\/wp\/v2\/pages\/17708","targetHints":{"allow":["GET"]}}],"collection":[{"href":"https:\/\/uttijuana.edu.mx\/index.php\/wp-json\/wp\/v2\/pages"}],"about":[{"href":"https:\/\/uttijuana.edu.mx\/index.php\/wp-json\/wp\/v2\/types\/page"}],"author":[{"embeddable":true,"href":"https:\/\/uttijuana.edu.mx\/index.php\/wp-json\/wp\/v2\/users\/2"}],"replies":[{"embeddable":true,"href":"https:\/\/uttijuana.edu.mx\/index.php\/wp-json\/wp\/v2\/comments?post=17708"}],"version-history":[{"count":152,"href":"https:\/\/uttijuana.edu.mx\/index.php\/wp-json\/wp\/v2\/pages\/17708\/revisions"}],"predecessor-version":[{"id":17911,"href":"https:\/\/uttijuana.edu.mx\/index.php\/wp-json\/wp\/v2\/pages\/17708\/revisions\/17911"}],"wp:attachment":[{"href":"https:\/\/uttijuana.edu.mx\/index.php\/wp-json\/wp\/v2\/media?parent=17708"}],"curies":[{"name":"wp","href":"https:\/\/api.w.org\/{rel}","templated":true}]}}