{"id":686,"date":"2021-10-19T05:59:50","date_gmt":"2021-10-19T05:59:50","guid":{"rendered":"http:\/\/173.248.150.48:8081\/wordpress\/?page_id=686"},"modified":"2023-12-01T22:14:24","modified_gmt":"2023-12-01T22:14:24","slug":"servicios-tecnologicos","status":"publish","type":"page","link":"https:\/\/uttijuana.edu.mx\/index.php\/servicios-tecnologicos\/","title":{"rendered":"Servicios Tecnol\u00f3gicos"},"content":{"rendered":"\t\t<div data-elementor-type=\"wp-page\" data-elementor-id=\"686\" class=\"elementor elementor-686\" data-elementor-post-type=\"page\">\n\t\t\t\t\t\t<section class=\"elementor-section elementor-top-section elementor-element elementor-element-cd8fcbc elementor-section-boxed elementor-section-height-default elementor-section-height-default wpr-particle-no wpr-jarallax-no wpr-parallax-no wpr-sticky-section-no\" data-id=\"cd8fcbc\" data-element_type=\"section\">\n\t\t\t\t\t\t<div class=\"elementor-container elementor-column-gap-default\">\n\t\t\t\t\t<div class=\"elementor-column elementor-col-100 elementor-top-column elementor-element elementor-element-ed6b099\" data-id=\"ed6b099\" data-element_type=\"column\">\n\t\t\t<div class=\"elementor-widget-wrap elementor-element-populated\">\n\t\t\t\t\t\t<div class=\"elementor-element elementor-element-b2e1dbf elementor-widget elementor-widget-heading\" data-id=\"b2e1dbf\" data-element_type=\"widget\" data-widget_type=\"heading.default\">\n\t\t\t\t<div class=\"elementor-widget-container\">\n\t\t\t\t\t<h2 class=\"elementor-heading-title elementor-size-default\">servicios tecnol\u00f3gicos<\/h2>\t\t\t\t<\/div>\n\t\t\t\t<\/div>\n\t\t\t\t<div class=\"elementor-element elementor-element-b2d9080 elementor-widget elementor-widget-spacer\" data-id=\"b2d9080\" data-element_type=\"widget\" data-widget_type=\"spacer.default\">\n\t\t\t\t<div class=\"elementor-widget-container\">\n\t\t\t\t\t\t\t<div class=\"elementor-spacer\">\n\t\t\t<div class=\"elementor-spacer-inner\"><\/div>\n\t\t<\/div>\n\t\t\t\t\t\t<\/div>\n\t\t\t\t<\/div>\n\t\t\t\t\t<\/div>\n\t\t<\/div>\n\t\t\t\t\t<\/div>\n\t\t<\/section>\n\t\t\t\t<section class=\"elementor-section elementor-top-section elementor-element elementor-element-8c924df elementor-section-boxed elementor-section-height-default elementor-section-height-default wpr-particle-no wpr-jarallax-no wpr-parallax-no wpr-sticky-section-no\" data-id=\"8c924df\" data-element_type=\"section\">\n\t\t\t\t\t\t<div class=\"elementor-container elementor-column-gap-default\">\n\t\t\t\t\t<div class=\"elementor-column elementor-col-100 elementor-top-column elementor-element elementor-element-dbc89f9\" data-id=\"dbc89f9\" data-element_type=\"column\">\n\t\t\t<div class=\"elementor-widget-wrap elementor-element-populated\">\n\t\t\t\t\t\t<div class=\"elementor-element elementor-element-332121e elementor-widget elementor-widget-heading\" data-id=\"332121e\" data-element_type=\"widget\" data-widget_type=\"heading.default\">\n\t\t\t\t<div class=\"elementor-widget-container\">\n\t\t\t\t\t<h4 class=\"elementor-heading-title elementor-size-default\">Ponemos a tu disposici\u00f3n servicios especializados, laboratorios, talleres, maquinaria, equipamiento, la experiencia y conocimientos de nuestro Cuerpo Acad\u00e9mico altamente capacitado en m\u00e1s de 10 \u00e1reas de tecnolog\u00eda.<\/h4>\t\t\t\t<\/div>\n\t\t\t\t<\/div>\n\t\t\t\t<div class=\"elementor-element elementor-element-4d9dac7 elementor-widget-divider--view-line elementor-widget elementor-widget-divider\" data-id=\"4d9dac7\" data-element_type=\"widget\" data-widget_type=\"divider.default\">\n\t\t\t\t<div class=\"elementor-widget-container\">\n\t\t\t\t\t\t\t<div class=\"elementor-divider\">\n\t\t\t<span class=\"elementor-divider-separator\">\n\t\t\t\t\t\t<\/span>\n\t\t<\/div>\n\t\t\t\t\t\t<\/div>\n\t\t\t\t<\/div>\n\t\t\t\t<div class=\"elementor-element elementor-element-2f9fde6 elementor-widget elementor-widget-shortcode\" data-id=\"2f9fde6\" data-element_type=\"widget\" data-widget_type=\"shortcode.default\">\n\t\t\t\t<div class=\"elementor-widget-container\">\n\t\t\t\t\t\t\t<div class=\"elementor-shortcode\"><div class=\"_df_book df-lite\" id=\"df_10652\"  _slug=\"servicios-tecnologicos\" data-title=\"servicios-tecnologicos\" wpoptions=\"true\" thumbtype=\"\" ><\/div><script class=\"df-shortcode-script\" nowprocket type=\"application\/javascript\">window.option_df_10652 = {\"outline\":[],\"autoEnableOutline\":\"false\",\"autoEnableThumbnail\":\"false\",\"overwritePDFOutline\":\"false\",\"direction\":\"1\",\"pageSize\":\"0\",\"source\":\"https:\\\/\\\/uttijuana.edu.mx\\\/wp-content\\\/uploads\\\/2023\\\/01\\\/CATALOGO_SERVICIOS-TECNOLOGICOS-1.pdf\",\"wpOptions\":\"true\"}; if(window.DFLIP && window.DFLIP.parseBooks){window.DFLIP.parseBooks();}<\/script><\/div>\n\t\t\t\t\t\t<\/div>\n\t\t\t\t<\/div>\n\t\t\t\t\t<\/div>\n\t\t<\/div>\n\t\t\t\t\t<\/div>\n\t\t<\/section>\n\t\t\t\t<section class=\"elementor-section elementor-top-section elementor-element elementor-element-8793ffe elementor-section-boxed elementor-section-height-default elementor-section-height-default wpr-particle-no wpr-jarallax-no wpr-parallax-no wpr-sticky-section-no\" data-id=\"8793ffe\" data-element_type=\"section\" data-settings=\"{&quot;background_background&quot;:&quot;classic&quot;}\">\n\t\t\t\t\t\t\t<div class=\"elementor-background-overlay\"><\/div>\n\t\t\t\t\t\t\t<div class=\"elementor-container elementor-column-gap-default\">\n\t\t\t\t\t<div class=\"elementor-column elementor-col-100 elementor-top-column elementor-element elementor-element-cfbc59e\" data-id=\"cfbc59e\" data-element_type=\"column\">\n\t\t\t<div class=\"elementor-widget-wrap elementor-element-populated\">\n\t\t\t\t\t\t<div class=\"elementor-element elementor-element-d3b1813 elementor-widget elementor-widget-heading\" data-id=\"d3b1813\" data-element_type=\"widget\" data-widget_type=\"heading.default\">\n\t\t\t\t<div class=\"elementor-widget-container\">\n\t\t\t\t\t<h2 class=\"elementor-heading-title elementor-size-default\">\u00c1reas de Especialidad<\/h2>\t\t\t\t<\/div>\n\t\t\t\t<\/div>\n\t\t\t\t<div class=\"elementor-element elementor-element-13b38eb elementor-widget elementor-widget-heading\" data-id=\"13b38eb\" data-element_type=\"widget\" data-widget_type=\"heading.default\">\n\t\t\t\t<div class=\"elementor-widget-container\">\n\t\t\t\t\t<h3 class=\"elementor-heading-title elementor-size-default\"><b>\u2022\tServicios de Informaci\u00f3n T\u00e9cnica <\/b><br>Atienden necesidades espec\u00edficas de los ejecutores de proyectos, coordinadores t\u00e9cnicos, due\u00f1os de procesos, trabajadores y empresarios, suministr\u00e1ndoles informaci\u00f3n actual y especializada de car\u00e1cter t\u00e9cnico y de gesti\u00f3n.<br>\n<br>\n<b>\u2022\tServicios de Laboratorio<\/b><br> Ofrecen a las organizaciones productivas servicios especializados de an\u00e1lisis cualitativos y cuantitativos, o de pruebas y ensayos a insumos, materiales, procesos, equipos, uso de las instalaciones y servicios ajustados a las normas nacionales e internacionales.<br>\n<br>\n<b>\t\u2022\tServicios de Asesor\u00eda<br><\/b>Orientan al empresario en el diagn\u00f3stico y soluci\u00f3n de problemas t\u00e9cnicos, en el mejoramiento de tecnolog\u00edas y en el desarrollo de procesos, bienes y productos.<b style=\"font-weight: bold\"><br>\n<br>\n\u2022\tServicios de Consultor\u00eda<br><\/b><b style=\"font-weight: bold\"> <\/b>Ofrecen soluci\u00f3n a problemas t\u00e9cnicos complejos, facilitando a las organizaciones productivas y a sus trabajadores, las mejores pr\u00e1cticas para el adecuado desempe\u00f1o de procesos, instrumentaci\u00f3n de mecanismos y ejecuci\u00f3n de acciones orientadas a la eficiencia y efectividad de planes y programas.<b><br>\n<br>\n\u2022\tServicios de Asistencia T\u00e9cnica<br><\/b><b style=\"font-weight: bold\"> <\/b>Dan respuesta a problemas t\u00e9cnicos que se presentan en las empresas, mediante el desarrollo de diagn\u00f3sticos, evaluaci\u00f3n de posibles causas y b\u00fasqueda de soluciones viables, conjuntamente con el personal de la organizaci\u00f3n productiva.<br><b>\n<br>\n\u2022\tServicios de Investigaci\u00f3n Instalada y Fabricaci\u00f3n Especial<br> <\/b>Prestan servicios de dise\u00f1o, redise\u00f1o, adecuaci\u00f3n y fabricaci\u00f3n de prototipos y piezas industriales, que le permitan al sector productivo reducir costos y mejorar sus niveles de productividad y competitividad.<\/h3>\t\t\t\t<\/div>\n\t\t\t\t<\/div>\n\t\t\t\t\t<\/div>\n\t\t<\/div>\n\t\t\t\t\t<\/div>\n\t\t<\/section>\n\t\t\t\t<section class=\"elementor-section elementor-top-section elementor-element elementor-element-3b31488 elementor-section-boxed elementor-section-height-default elementor-section-height-default wpr-particle-no wpr-jarallax-no wpr-parallax-no wpr-sticky-section-no\" data-id=\"3b31488\" data-element_type=\"section\">\n\t\t\t\t\t\t<div class=\"elementor-container elementor-column-gap-default\">\n\t\t\t\t\t<div class=\"elementor-column elementor-col-100 elementor-top-column elementor-element elementor-element-19c31d3\" data-id=\"19c31d3\" data-element_type=\"column\">\n\t\t\t<div class=\"elementor-widget-wrap elementor-element-populated\">\n\t\t\t\t\t\t<div class=\"elementor-element elementor-element-732258a elementor-widget-divider--view-line elementor-widget elementor-widget-divider\" data-id=\"732258a\" data-element_type=\"widget\" data-widget_type=\"divider.default\">\n\t\t\t\t<div class=\"elementor-widget-container\">\n\t\t\t\t\t\t\t<div class=\"elementor-divider\">\n\t\t\t<span class=\"elementor-divider-separator\">\n\t\t\t\t\t\t<\/span>\n\t\t<\/div>\n\t\t\t\t\t\t<\/div>\n\t\t\t\t<\/div>\n\t\t\t\t<div class=\"elementor-element elementor-element-75c1fa3 elementor-view-framed elementor-shape-circle elementor-position-top elementor-mobile-position-top elementor-widget elementor-widget-icon-box\" data-id=\"75c1fa3\" data-element_type=\"widget\" data-widget_type=\"icon-box.default\">\n\t\t\t\t<div class=\"elementor-widget-container\">\n\t\t\t\t\t\t\t<div class=\"elementor-icon-box-wrapper\">\n\n\t\t\t\t\t\t<div class=\"elementor-icon-box-icon\">\n\t\t\t\t<span  class=\"elementor-icon\">\n\t\t\t\t<i aria-hidden=\"true\" class=\"fas fa-angle-double-down\"><\/i>\t\t\t\t<\/span>\n\t\t\t<\/div>\n\t\t\t\n\t\t\t\t\t\t<div class=\"elementor-icon-box-content\">\n\n\t\t\t\t\t\t\t\t\t<h3 class=\"elementor-icon-box-title\">\n\t\t\t\t\t\t<span  >\n\t\t\t\t\t\t\tMAYORES INFORMES\t\t\t\t\t\t<\/span>\n\t\t\t\t\t<\/h3>\n\t\t\t\t\n\t\t\t\t\t\t\t\t\t<p class=\"elementor-icon-box-description\">\n\t\t\t\t\t\tSecretar\u00eda de Vinculaci\u00f3n<br>(664)969 4700 Ext. 84713<br>\ndesarrollo@uttijuana.edu.mx<br>asistentevinculacion@uttijuana.edu.mx \n\t\t\t\t\t<\/p>\n\t\t\t\t\n\t\t\t<\/div>\n\t\t\t\n\t\t<\/div>\n\t\t\t\t\t\t<\/div>\n\t\t\t\t<\/div>\n\t\t\t\t<div class=\"elementor-element elementor-element-212af44 elementor-widget elementor-widget-spacer\" data-id=\"212af44\" data-element_type=\"widget\" data-widget_type=\"spacer.default\">\n\t\t\t\t<div class=\"elementor-widget-container\">\n\t\t\t\t\t\t\t<div class=\"elementor-spacer\">\n\t\t\t<div class=\"elementor-spacer-inner\"><\/div>\n\t\t<\/div>\n\t\t\t\t\t\t<\/div>\n\t\t\t\t<\/div>\n\t\t\t\t\t<\/div>\n\t\t<\/div>\n\t\t\t\t\t<\/div>\n\t\t<\/section>\n\t\t\t\t<\/div>\n\t\t","protected":false},"excerpt":{"rendered":"<p>servicios tecnol\u00f3gicos Ponemos a tu disposici\u00f3n servicios especializados, laboratorios, talleres, maquinaria, equipamiento, la experiencia y conocimientos de nuestro Cuerpo Acad\u00e9mico altamente capacitado en m\u00e1s de 10 \u00e1reas de tecnolog\u00eda. \u00c1reas de Especialidad \u2022 Servicios de Informaci\u00f3n T\u00e9cnica Atienden necesidades espec\u00edficas de los ejecutores de proyectos, coordinadores t\u00e9cnicos, due\u00f1os de procesos, trabajadores y empresarios, suministr\u00e1ndoles informaci\u00f3n actual y especializada de car\u00e1cter t\u00e9cnico y de gesti\u00f3n. \u2022 Servicios de Laboratorio Ofrecen a las organizaciones productivas servicios especializados de an\u00e1lisis cualitativos y cuantitativos, o de pruebas y ensayos a insumos, materiales, procesos, equipos, uso de las instalaciones y servicios ajustados a las normas nacionales e internacionales. \u2022 Servicios de Asesor\u00edaOrientan al empresario en el diagn\u00f3stico y soluci\u00f3n de problemas t\u00e9cnicos, en el mejoramiento de tecnolog\u00edas y en el desarrollo de procesos, bienes y productos. \u2022 Servicios de Consultor\u00eda Ofrecen soluci\u00f3n a problemas t\u00e9cnicos complejos, facilitando a las organizaciones productivas y a sus trabajadores, las mejores pr\u00e1cticas para el adecuado desempe\u00f1o de procesos, instrumentaci\u00f3n de mecanismos y ejecuci\u00f3n de acciones orientadas a la eficiencia y efectividad de planes y programas. \u2022 Servicios de Asistencia T\u00e9cnica Dan respuesta a problemas t\u00e9cnicos que se presentan en las empresas, mediante el desarrollo de diagn\u00f3sticos, evaluaci\u00f3n de posibles causas y b\u00fasqueda de soluciones viables, conjuntamente con el personal de la organizaci\u00f3n productiva. \u2022 Servicios de Investigaci\u00f3n Instalada y Fabricaci\u00f3n Especial Prestan servicios de dise\u00f1o, redise\u00f1o, adecuaci\u00f3n y fabricaci\u00f3n de prototipos y piezas industriales, que le permitan al sector productivo reducir costos y mejorar sus niveles de productividad y competitividad. MAYORES INFORMES Secretar\u00eda de Vinculaci\u00f3n(664)969 4700 Ext. 84713 desarrollo@uttijuana.edu.mxasistentevinculacion@uttijuana.edu.mx<\/p>\n","protected":false},"author":2,"featured_media":0,"parent":0,"menu_order":0,"comment_status":"closed","ping_status":"closed","template":"","meta":{"_monsterinsights_skip_tracking":false,"_monsterinsights_sitenote_active":false,"_monsterinsights_sitenote_note":"","_monsterinsights_sitenote_category":0,"_uf_show_specific_survey":0,"_uf_disable_surveys":false,"site-sidebar-layout":"no-sidebar","site-content-layout":"page-builder","ast-site-content-layout":"default","site-content-style":"default","site-sidebar-style":"default","ast-global-header-display":"","ast-banner-title-visibility":"","ast-main-header-display":"","ast-hfb-above-header-display":"","ast-hfb-below-header-display":"","ast-hfb-mobile-header-display":"","site-post-title":"disabled","ast-breadcrumbs-content":"","ast-featured-img":"disabled","footer-sml-layout":"","ast-disable-related-posts":"","theme-transparent-header-meta":"default","adv-header-id-meta":"","stick-header-meta":"","header-above-stick-meta":"","header-main-stick-meta":"","header-below-stick-meta":"","astra-migrate-meta-layouts":"default","ast-page-background-enabled":"default","ast-page-background-meta":{"desktop":{"background-color":"","background-image":"","background-repeat":"repeat","background-position":"center center","background-size":"auto","background-attachment":"scroll","background-type":"","background-media":"","overlay-type":"","overlay-color":"","overlay-opacity":"","overlay-gradient":""},"tablet":{"background-color":"","background-image":"","background-repeat":"repeat","background-position":"center center","background-size":"auto","background-attachment":"scroll","background-type":"","background-media":"","overlay-type":"","overlay-color":"","overlay-opacity":"","overlay-gradient":""},"mobile":{"background-color":"","background-image":"","background-repeat":"repeat","background-position":"center center","background-size":"auto","background-attachment":"scroll","background-type":"","background-media":"","overlay-type":"","overlay-color":"","overlay-opacity":"","overlay-gradient":""}},"ast-content-background-meta":{"desktop":{"background-color":"var(--ast-global-color-5)","background-image":"","background-repeat":"repeat","background-position":"center center","background-size":"auto","background-attachment":"scroll","background-type":"","background-media":"","overlay-type":"","overlay-color":"","overlay-opacity":"","overlay-gradient":""},"tablet":{"background-color":"var(--ast-global-color-5)","background-image":"","background-repeat":"repeat","background-position":"center center","background-size":"auto","background-attachment":"scroll","background-type":"","background-media":"","overlay-type":"","overlay-color":"","overlay-opacity":"","overlay-gradient":""},"mobile":{"background-color":"var(--ast-global-color-5)","background-image":"","background-repeat":"repeat","background-position":"center center","background-size":"auto","background-attachment":"scroll","background-type":"","background-media":"","overlay-type":"","overlay-color":"","overlay-opacity":"","overlay-gradient":""}},"footnotes":""},"class_list":["post-686","page","type-page","status-publish","hentry"],"_links":{"self":[{"href":"https:\/\/uttijuana.edu.mx\/index.php\/wp-json\/wp\/v2\/pages\/686","targetHints":{"allow":["GET"]}}],"collection":[{"href":"https:\/\/uttijuana.edu.mx\/index.php\/wp-json\/wp\/v2\/pages"}],"about":[{"href":"https:\/\/uttijuana.edu.mx\/index.php\/wp-json\/wp\/v2\/types\/page"}],"author":[{"embeddable":true,"href":"https:\/\/uttijuana.edu.mx\/index.php\/wp-json\/wp\/v2\/users\/2"}],"replies":[{"embeddable":true,"href":"https:\/\/uttijuana.edu.mx\/index.php\/wp-json\/wp\/v2\/comments?post=686"}],"version-history":[{"count":41,"href":"https:\/\/uttijuana.edu.mx\/index.php\/wp-json\/wp\/v2\/pages\/686\/revisions"}],"predecessor-version":[{"id":13292,"href":"https:\/\/uttijuana.edu.mx\/index.php\/wp-json\/wp\/v2\/pages\/686\/revisions\/13292"}],"wp:attachment":[{"href":"https:\/\/uttijuana.edu.mx\/index.php\/wp-json\/wp\/v2\/media?parent=686"}],"curies":[{"name":"wp","href":"https:\/\/api.w.org\/{rel}","templated":true}]}}