{"id":8824,"date":"2022-04-29T17:42:58","date_gmt":"2022-04-29T17:42:58","guid":{"rendered":"https:\/\/uttijuana.edu.mx\/?page_id=8824"},"modified":"2022-04-29T17:48:51","modified_gmt":"2022-04-29T17:48:51","slug":"cumple-utt-compromiso-social-al-preparar-a-mas-ingenieros-en-tecnologia-ambiental","status":"publish","type":"page","link":"https:\/\/uttijuana.edu.mx\/index.php\/cumple-utt-compromiso-social-al-preparar-a-mas-ingenieros-en-tecnologia-ambiental\/","title":{"rendered":"CUMPLE UTT COMPROMISO SOCIAL AL PREPARAR A M\u00c1S INGENIEROS EN TECNOLOG\u00cdA AMBIENTAL"},"content":{"rendered":"\t\t<div data-elementor-type=\"wp-page\" data-elementor-id=\"8824\" class=\"elementor elementor-8824\" data-elementor-post-type=\"page\">\n\t\t\t\t\t\t<section class=\"elementor-section elementor-top-section elementor-element elementor-element-c3d1beb elementor-section-boxed elementor-section-height-default elementor-section-height-default wpr-particle-no wpr-jarallax-no wpr-parallax-no wpr-sticky-section-no\" data-id=\"c3d1beb\" data-element_type=\"section\" data-settings=\"{&quot;background_background&quot;:&quot;classic&quot;}\">\n\t\t\t\t\t\t\t<div class=\"elementor-background-overlay\"><\/div>\n\t\t\t\t\t\t\t<div class=\"elementor-container elementor-column-gap-default\">\n\t\t\t\t\t<div class=\"elementor-column elementor-col-100 elementor-top-column elementor-element elementor-element-e692976\" data-id=\"e692976\" data-element_type=\"column\">\n\t\t\t<div class=\"elementor-widget-wrap elementor-element-populated\">\n\t\t\t\t\t\t<div class=\"elementor-element elementor-element-cd7c100 elementor-widget elementor-widget-heading\" data-id=\"cd7c100\" data-element_type=\"widget\" data-widget_type=\"heading.default\">\n\t\t\t\t<div class=\"elementor-widget-container\">\n\t\t\t\t\t<h2 class=\"elementor-heading-title elementor-size-default\">CUMPLE UTT COMPROMISO SOCIAL AL PREPARAR A M\u00c1S INGENIEROS EN TECNOLOG\u00cdA AMBIENTAL<\/h2>\t\t\t\t<\/div>\n\t\t\t\t<\/div>\n\t\t\t\t<div class=\"elementor-element elementor-element-c236018 elementor-widget elementor-widget-image\" data-id=\"c236018\" data-element_type=\"widget\" data-widget_type=\"image.default\">\n\t\t\t\t<div class=\"elementor-widget-container\">\n\t\t\t\t\t\t\t\t\t\t\t\t\t\t\t<img decoding=\"async\" data-src=\"https:\/\/uttijuana.edu.mx\/wp-content\/uploads\/2022\/04\/C673C233-1EF1-46EF-9AE4-2B2F60F52778.jpeg\" title=\"\" alt=\"\" src=\"data:image\/gif;base64,R0lGODlhAQABAAAAACH5BAEKAAEALAAAAAABAAEAAAICTAEAOw==\" class=\"lazyload\" \/>\t\t\t\t\t\t\t\t\t\t\t\t\t\t\t<\/div>\n\t\t\t\t<\/div>\n\t\t\t\t<div class=\"elementor-element elementor-element-d2d2055 elementor-widget elementor-widget-heading\" data-id=\"d2d2055\" data-element_type=\"widget\" data-widget_type=\"heading.default\">\n\t\t\t\t<div class=\"elementor-widget-container\">\n\t\t\t\t\t<h5 class=\"elementor-heading-title elementor-size-default\">\u2022\t<b>Sector industrial demanda profesionistas para las \u00e1reas de seguridad e higiene<\/b> <br>\n\nTijuana, B.C., a 27 de abril de 2022.- Ante la necesidad de formar a m\u00e1s especialistas en el \u00e1rea ambiental que ofrezcan sus servicios a industrias, comercios y a la comunidad, la Universidad Tecnol\u00f3gica de Tijuana (UTT) mantiene entre su oferta educativa la carrera de ingenier\u00eda en Tecnolog\u00eda Ambiental. <br>\n\nEl Rector, Mtro. Javier Santill\u00e1n P\u00e9rez, coment\u00f3 que el sector productivo requiere de expertos en materia ambiental para dar cumplimiento a la legislaci\u00f3n y a los reglamentos, pero tambi\u00e9n para armonizar sus actividades con el desarrollo econ\u00f3mico y social, por ello la pertinencia de dicha carrera.<br>\n\nEl plan de estudios se basa en las Ciencias Qu\u00edmicas aplicadas al cuidado del ambiente, por lo que el alumno estudiar\u00e1 a fondo temas como la contaminaci\u00f3n del aire, del suelo y del agua, el manejo integral de residuos, el tratamiento del agua, as\u00ed como la qu\u00edmica org\u00e1nica, inorg\u00e1nica y anal\u00edtica. <br>\n\n\u201cEl estudiante de Tecnolog\u00eda Ambiental se va a insertar en las empresas en los departamentos de seguridad e higiene, principalmente, todas las industrias cuentan con esa \u00e1rea y tambi\u00e9n pueden incorporarse a despachos de consultor\u00edas ambientales, que prestan sus servicios a las industrias\u201d, indic\u00f3.<br>\n\nCon los conocimientos adquiridos los egresados de ingenier\u00eda en Tecnolog\u00eda Ambiental pueden emprender y abrir su propio negocio, ya sea para ofrecer asesor\u00edas, capacitaci\u00f3n o realizar estudios de impacto ambiental, agreg\u00f3.<br>\n\nSantill\u00e1n P\u00e9rez resalt\u00f3 que los alumnos durante su formaci\u00f3n desarrollan un fuerte compromiso con el ambiente y con sus comunidades, pues a trav\u00e9s de sus propuestas ofrecen soluci\u00f3n a los problemas que genera la contaminaci\u00f3n en sus distintas vertientes.<br>\n\nLos aspirantes a cursar la ingenier\u00eda en Tecnolog\u00eda Ambiental pueden conocer el plan de estudios y obtener una ficha a trav\u00e9s del portal www.uttijuana.edu.mx; el plazo finaliza el 20 de mayo. En caso de dudas sobre el proceso, se ofrece orientaci\u00f3n v\u00eda mensaje en las redes sociales de UTT, o bien en el n\u00famero telef\u00f3nico (664) 969 47 00.\n<\/h5>\t\t\t\t<\/div>\n\t\t\t\t<\/div>\n\t\t\t\t<div class=\"elementor-element elementor-element-c91bd5a elementor-widget elementor-widget-spacer\" data-id=\"c91bd5a\" data-element_type=\"widget\" data-widget_type=\"spacer.default\">\n\t\t\t\t<div class=\"elementor-widget-container\">\n\t\t\t\t\t\t\t<div class=\"elementor-spacer\">\n\t\t\t<div class=\"elementor-spacer-inner\"><\/div>\n\t\t<\/div>\n\t\t\t\t\t\t<\/div>\n\t\t\t\t<\/div>\n\t\t\t\t\t<\/div>\n\t\t<\/div>\n\t\t\t\t\t<\/div>\n\t\t<\/section>\n\t\t\t\t<\/div>\n\t\t","protected":false},"excerpt":{"rendered":"<p>CUMPLE UTT COMPROMISO SOCIAL AL PREPARAR A M\u00c1S INGENIEROS EN TECNOLOG\u00cdA AMBIENTAL \u2022 Sector industrial demanda profesionistas para las \u00e1reas de seguridad e higiene Tijuana, B.C., a 27 de abril de 2022.- Ante la necesidad de formar a m\u00e1s especialistas en el \u00e1rea ambiental que ofrezcan sus servicios a industrias, comercios y a la comunidad, la Universidad Tecnol\u00f3gica de Tijuana (UTT) mantiene entre su oferta educativa la carrera de ingenier\u00eda en Tecnolog\u00eda Ambiental. El Rector, Mtro. Javier Santill\u00e1n P\u00e9rez, coment\u00f3 que el sector productivo requiere de expertos en materia ambiental para dar cumplimiento a la legislaci\u00f3n y a los reglamentos, pero tambi\u00e9n para armonizar sus actividades con el desarrollo econ\u00f3mico y social, por ello la pertinencia de dicha carrera. El plan de estudios se basa en las Ciencias Qu\u00edmicas aplicadas al cuidado del ambiente, por lo que el alumno estudiar\u00e1 a fondo temas como la contaminaci\u00f3n del aire, del suelo y del agua, el manejo integral de residuos, el tratamiento del agua, as\u00ed como la qu\u00edmica org\u00e1nica, inorg\u00e1nica y anal\u00edtica. \u201cEl estudiante de Tecnolog\u00eda Ambiental se va a insertar en las empresas en los departamentos de seguridad e higiene, principalmente, todas las industrias cuentan con esa \u00e1rea y tambi\u00e9n pueden incorporarse a despachos de consultor\u00edas ambientales, que prestan sus servicios a las industrias\u201d, indic\u00f3. Con los conocimientos adquiridos los egresados de ingenier\u00eda en Tecnolog\u00eda Ambiental pueden emprender y abrir su propio negocio, ya sea para ofrecer asesor\u00edas, capacitaci\u00f3n o realizar estudios de impacto ambiental, agreg\u00f3. Santill\u00e1n P\u00e9rez resalt\u00f3 que los alumnos durante su formaci\u00f3n desarrollan un fuerte compromiso con el ambiente y con sus comunidades, pues a trav\u00e9s de sus propuestas ofrecen soluci\u00f3n a los problemas que genera la contaminaci\u00f3n en sus distintas vertientes. Los aspirantes a cursar la ingenier\u00eda en Tecnolog\u00eda Ambiental pueden conocer el plan de estudios y obtener una ficha a trav\u00e9s del portal www.uttijuana.edu.mx; el plazo finaliza el 20 de mayo. En caso de dudas sobre el proceso, se ofrece orientaci\u00f3n v\u00eda mensaje en las redes sociales de UTT, o bien en el n\u00famero telef\u00f3nico (664) 969 47 00.<\/p>\n","protected":false},"author":2,"featured_media":0,"parent":0,"menu_order":0,"comment_status":"closed","ping_status":"closed","template":"","meta":{"_monsterinsights_skip_tracking":false,"_monsterinsights_sitenote_active":false,"_monsterinsights_sitenote_note":"","_monsterinsights_sitenote_category":0,"_uf_show_specific_survey":0,"_uf_disable_surveys":false,"site-sidebar-layout":"no-sidebar","site-content-layout":"page-builder","ast-site-content-layout":"default","site-content-style":"default","site-sidebar-style":"default","ast-global-header-display":"","ast-banner-title-visibility":"","ast-main-header-display":"","ast-hfb-above-header-display":"","ast-hfb-below-header-display":"","ast-hfb-mobile-header-display":"","site-post-title":"disabled","ast-breadcrumbs-content":"","ast-featured-img":"disabled","footer-sml-layout":"","ast-disable-related-posts":"","theme-transparent-header-meta":"","adv-header-id-meta":"","stick-header-meta":"","header-above-stick-meta":"","header-main-stick-meta":"","header-below-stick-meta":"","astra-migrate-meta-layouts":"default","ast-page-background-enabled":"default","ast-page-background-meta":{"desktop":{"background-color":"","background-image":"","background-repeat":"repeat","background-position":"center center","background-size":"auto","background-attachment":"scroll","background-type":"","background-media":"","overlay-type":"","overlay-color":"","overlay-opacity":"","overlay-gradient":""},"tablet":{"background-color":"","background-image":"","background-repeat":"repeat","background-position":"center center","background-size":"auto","background-attachment":"scroll","background-type":"","background-media":"","overlay-type":"","overlay-color":"","overlay-opacity":"","overlay-gradient":""},"mobile":{"background-color":"","background-image":"","background-repeat":"repeat","background-position":"center center","background-size":"auto","background-attachment":"scroll","background-type":"","background-media":"","overlay-type":"","overlay-color":"","overlay-opacity":"","overlay-gradient":""}},"ast-content-background-meta":{"desktop":{"background-color":"var(--ast-global-color-5)","background-image":"","background-repeat":"repeat","background-position":"center center","background-size":"auto","background-attachment":"scroll","background-type":"","background-media":"","overlay-type":"","overlay-color":"","overlay-opacity":"","overlay-gradient":""},"tablet":{"background-color":"var(--ast-global-color-5)","background-image":"","background-repeat":"repeat","background-position":"center center","background-size":"auto","background-attachment":"scroll","background-type":"","background-media":"","overlay-type":"","overlay-color":"","overlay-opacity":"","overlay-gradient":""},"mobile":{"background-color":"var(--ast-global-color-5)","background-image":"","background-repeat":"repeat","background-position":"center center","background-size":"auto","background-attachment":"scroll","background-type":"","background-media":"","overlay-type":"","overlay-color":"","overlay-opacity":"","overlay-gradient":""}},"footnotes":""},"class_list":["post-8824","page","type-page","status-publish","hentry"],"_links":{"self":[{"href":"https:\/\/uttijuana.edu.mx\/index.php\/wp-json\/wp\/v2\/pages\/8824","targetHints":{"allow":["GET"]}}],"collection":[{"href":"https:\/\/uttijuana.edu.mx\/index.php\/wp-json\/wp\/v2\/pages"}],"about":[{"href":"https:\/\/uttijuana.edu.mx\/index.php\/wp-json\/wp\/v2\/types\/page"}],"author":[{"embeddable":true,"href":"https:\/\/uttijuana.edu.mx\/index.php\/wp-json\/wp\/v2\/users\/2"}],"replies":[{"embeddable":true,"href":"https:\/\/uttijuana.edu.mx\/index.php\/wp-json\/wp\/v2\/comments?post=8824"}],"version-history":[{"count":7,"href":"https:\/\/uttijuana.edu.mx\/index.php\/wp-json\/wp\/v2\/pages\/8824\/revisions"}],"predecessor-version":[{"id":8838,"href":"https:\/\/uttijuana.edu.mx\/index.php\/wp-json\/wp\/v2\/pages\/8824\/revisions\/8838"}],"wp:attachment":[{"href":"https:\/\/uttijuana.edu.mx\/index.php\/wp-json\/wp\/v2\/media?parent=8824"}],"curies":[{"name":"wp","href":"https:\/\/api.w.org\/{rel}","templated":true}]}}