{"id":9504,"date":"2022-07-06T21:58:08","date_gmt":"2022-07-06T21:58:08","guid":{"rendered":"https:\/\/uttijuana.edu.mx\/?page_id=9504"},"modified":"2022-07-06T22:11:26","modified_gmt":"2022-07-06T22:11:26","slug":"participan-alumnos-de-la-utt-en-el-programa-si-bebes-no-manejes","status":"publish","type":"page","link":"https:\/\/uttijuana.edu.mx\/index.php\/participan-alumnos-de-la-utt-en-el-programa-si-bebes-no-manejes\/","title":{"rendered":"PARTICIPAN ALUMNOS DE LA UTT EN EL PROGRAMA \u201cSI BEBES NO MANEJES\u201d"},"content":{"rendered":"\t\t<div data-elementor-type=\"wp-page\" data-elementor-id=\"9504\" class=\"elementor elementor-9504\" data-elementor-post-type=\"page\">\n\t\t\t\t\t\t<section class=\"elementor-section elementor-top-section elementor-element elementor-element-1cded5e elementor-section-boxed elementor-section-height-default elementor-section-height-default wpr-particle-no wpr-jarallax-no wpr-parallax-no wpr-sticky-section-no\" data-id=\"1cded5e\" data-element_type=\"section\">\n\t\t\t\t\t\t<div class=\"elementor-container elementor-column-gap-default\">\n\t\t\t\t\t<div class=\"elementor-column elementor-col-100 elementor-top-column elementor-element elementor-element-c002f2f\" data-id=\"c002f2f\" data-element_type=\"column\">\n\t\t\t<div class=\"elementor-widget-wrap elementor-element-populated\">\n\t\t\t\t\t\t<div class=\"elementor-element elementor-element-0a59bfa elementor-widget elementor-widget-heading\" data-id=\"0a59bfa\" data-element_type=\"widget\" data-widget_type=\"heading.default\">\n\t\t\t\t<div class=\"elementor-widget-container\">\n\t\t\t\t\t<h2 class=\"elementor-heading-title elementor-size-default\">PARTICIPAN ALUMNOS DE LA UTT EN EL PROGRAMA \u201cSI BEBES NO MANEJES\u201d<\/h2>\t\t\t\t<\/div>\n\t\t\t\t<\/div>\n\t\t\t\t\t<\/div>\n\t\t<\/div>\n\t\t\t\t\t<\/div>\n\t\t<\/section>\n\t\t\t\t<section class=\"elementor-section elementor-top-section elementor-element elementor-element-755c1f8 elementor-section-boxed elementor-section-height-default elementor-section-height-default wpr-particle-no wpr-jarallax-no wpr-parallax-no wpr-sticky-section-no\" data-id=\"755c1f8\" data-element_type=\"section\">\n\t\t\t\t\t\t<div class=\"elementor-container elementor-column-gap-default\">\n\t\t\t\t\t<div class=\"elementor-column elementor-col-100 elementor-top-column elementor-element elementor-element-2434b9a\" data-id=\"2434b9a\" data-element_type=\"column\">\n\t\t\t<div class=\"elementor-widget-wrap elementor-element-populated\">\n\t\t\t\t\t\t<div class=\"elementor-element elementor-element-db681f1 elementor-widget elementor-widget-image\" data-id=\"db681f1\" data-element_type=\"widget\" data-widget_type=\"image.default\">\n\t\t\t\t<div class=\"elementor-widget-container\">\n\t\t\t\t\t\t\t\t\t\t\t\t\t\t\t<img decoding=\"async\" data-src=\"https:\/\/uttijuana.edu.mx\/wp-content\/uploads\/2022\/07\/WhatsApp-Image-2022-07-06-at-2.37.42-PM.jpeg\" title=\"\" alt=\"\" src=\"data:image\/gif;base64,R0lGODlhAQABAAAAACH5BAEKAAEALAAAAAABAAEAAAICTAEAOw==\" class=\"lazyload\" \/>\t\t\t\t\t\t\t\t\t\t\t\t\t\t\t<\/div>\n\t\t\t\t<\/div>\n\t\t\t\t\t<\/div>\n\t\t<\/div>\n\t\t\t\t\t<\/div>\n\t\t<\/section>\n\t\t\t\t<section class=\"elementor-section elementor-top-section elementor-element elementor-element-e353cf3 elementor-section-boxed elementor-section-height-default elementor-section-height-default wpr-particle-no wpr-jarallax-no wpr-parallax-no wpr-sticky-section-no\" data-id=\"e353cf3\" data-element_type=\"section\">\n\t\t\t\t\t\t<div class=\"elementor-container elementor-column-gap-default\">\n\t\t\t\t\t<div class=\"elementor-column elementor-col-100 elementor-top-column elementor-element elementor-element-4e10c9e\" data-id=\"4e10c9e\" data-element_type=\"column\">\n\t\t\t<div class=\"elementor-widget-wrap elementor-element-populated\">\n\t\t\t\t\t\t<div class=\"elementor-element elementor-element-4568dc8 elementor-widget elementor-widget-heading\" data-id=\"4568dc8\" data-element_type=\"widget\" data-widget_type=\"heading.default\">\n\t\t\t\t<div class=\"elementor-widget-container\">\n\t\t\t\t\t<h5 class=\"elementor-heading-title elementor-size-medium\"> <BLOCKQUOTE>\n J\u00f3venes experimentaron los riesgos de conducir bajo los efectos del alcohol <p> <\/p>\n\n\nAlumnos de la Universidad Tecnol\u00f3gica de Tijuana (UTT) participaron en el programa \u201cSi bebes no manejes\u201d, que impulsa el gobierno municipal para hacer consciencia entre los j\u00f3venes sobre los riesgos de conducir un veh\u00edculo bajo los influjos del alcohol. <p> \n \nEn apego a la pol\u00edtica de la Gobernadora Marina del Pilar Avila Olmeda de trabajar en coordinaci\u00f3n con todas las instancias de gobierno para beneficio de la poblaci\u00f3n, el rector de la UTT, Salvador Morales Riub\u00ed, destac\u00f3 que las puertas de la universidad est\u00e1n abiertas para programas como estos, que son de gran impacto para los estudiantes. <p> \n \nResalt\u00f3 que para la instituci\u00f3n es de suma importancia la vinculaci\u00f3n con la sociedad y con los gobiernos, as\u00ed como incidir en la formaci\u00f3n integral de los estudiantes.\n \n\u201cNos interesa desde la UTT generar y promover el talento y las capacidades de nuestros alumnos para que se inserten en la sociedad y den excelentes resultados, pero tambi\u00e9n queremos que cuando ustedes egresen de esta, su casa, su Alma Mater, puedan caminar tranquilamente hacia la sociedad y ser recibidos de la mejor manera\u201d, expres\u00f3. <p> \n \nAgradeci\u00f3 al gobierno que encabeza Montserrat Caballero Ram\u00edrez por tomar en cuenta a la UTT para formar parte de este programa, en el que participaron alrededor de 100 alumnos de diferentes carreras. <p> \n \nLa actividad consisti\u00f3 en invitar a los j\u00f3venes a conducir carros de golf y a realizar recorridos con obst\u00e1culos, pero deb\u00edan llevar puestos unos lentes que comprometen la visibilidad como si hubieran ingerido alcohol, lo que les dificultaba avanzar y cumplir los retos. <p> \n \nEl delegado de La Presa Este, Elvis Arce Beltr\u00e1n, agradeci\u00f3 las facilidades que otorg\u00f3 la universidad para llevar el mensaje a los estudiantes contra el consumo del alcohol y refrend\u00f3 su compromiso de mantener el trabajo coordinado con la instituci\u00f3n y su comunidad. <p> \n \nEn el primer evento que encabeza como rector de la UTT, Morales Riub\u00ed atestigu\u00f3 la participaci\u00f3n de los estudiantes en las din\u00e1micas, que se dividieron en tres m\u00f3dulos. <p> \n \nLa UTT cuenta con una matr\u00edcula de tres mil estudiantes en Tijuana y 185 en Ensenada, de los cuales el 75% se encuentra en el rango de los 19 a los 23 a\u00f1os de edad.<\/h5>\t\t\t\t<\/div>\n\t\t\t\t<\/div>\n\t\t\t\t\t<\/div>\n\t\t<\/div>\n\t\t\t\t\t<\/div>\n\t\t<\/section>\n\t\t\t\t<section class=\"elementor-section elementor-top-section elementor-element elementor-element-894709d elementor-section-boxed elementor-section-height-default elementor-section-height-default wpr-particle-no wpr-jarallax-no wpr-parallax-no wpr-sticky-section-no\" data-id=\"894709d\" data-element_type=\"section\">\n\t\t\t\t\t\t<div class=\"elementor-container elementor-column-gap-default\">\n\t\t\t\t\t<div class=\"elementor-column elementor-col-100 elementor-top-column elementor-element elementor-element-8f15904\" data-id=\"8f15904\" data-element_type=\"column\">\n\t\t\t<div class=\"elementor-widget-wrap elementor-element-populated\">\n\t\t\t\t\t\t<section class=\"elementor-section elementor-inner-section elementor-element elementor-element-f966e5f elementor-section-boxed elementor-section-height-default elementor-section-height-default wpr-particle-no wpr-jarallax-no wpr-parallax-no wpr-sticky-section-no\" data-id=\"f966e5f\" data-element_type=\"section\">\n\t\t\t\t\t\t<div class=\"elementor-container elementor-column-gap-default\">\n\t\t\t\t\t<div class=\"elementor-column elementor-col-50 elementor-inner-column elementor-element elementor-element-c778576\" data-id=\"c778576\" data-element_type=\"column\">\n\t\t\t<div class=\"elementor-widget-wrap elementor-element-populated\">\n\t\t\t\t\t\t<div class=\"elementor-element elementor-element-f7438b4 elementor-widget elementor-widget-image\" data-id=\"f7438b4\" data-element_type=\"widget\" data-widget_type=\"image.default\">\n\t\t\t\t<div class=\"elementor-widget-container\">\n\t\t\t\t\t\t\t\t\t\t\t\t\t\t\t<img decoding=\"async\" data-src=\"https:\/\/uttijuana.edu.mx\/wp-content\/uploads\/2022\/07\/WhatsApp-Image-2022-07-06-at-2.37.51-PM.jpeg\" title=\"\" alt=\"\" src=\"data:image\/gif;base64,R0lGODlhAQABAAAAACH5BAEKAAEALAAAAAABAAEAAAICTAEAOw==\" class=\"lazyload\" \/>\t\t\t\t\t\t\t\t\t\t\t\t\t\t\t<\/div>\n\t\t\t\t<\/div>\n\t\t\t\t\t<\/div>\n\t\t<\/div>\n\t\t\t\t<div class=\"elementor-column elementor-col-50 elementor-inner-column elementor-element elementor-element-989f694\" data-id=\"989f694\" data-element_type=\"column\">\n\t\t\t<div class=\"elementor-widget-wrap elementor-element-populated\">\n\t\t\t\t\t\t<div class=\"elementor-element elementor-element-693d326 elementor-widget elementor-widget-image\" data-id=\"693d326\" data-element_type=\"widget\" data-widget_type=\"image.default\">\n\t\t\t\t<div class=\"elementor-widget-container\">\n\t\t\t\t\t\t\t\t\t\t\t\t\t\t\t<img decoding=\"async\" data-src=\"https:\/\/uttijuana.edu.mx\/wp-content\/uploads\/2022\/07\/WhatsApp-Image-2022-07-06-at-2.37.57-PM.jpeg\" title=\"\" alt=\"\" src=\"data:image\/gif;base64,R0lGODlhAQABAAAAACH5BAEKAAEALAAAAAABAAEAAAICTAEAOw==\" class=\"lazyload\" \/>\t\t\t\t\t\t\t\t\t\t\t\t\t\t\t<\/div>\n\t\t\t\t<\/div>\n\t\t\t\t\t<\/div>\n\t\t<\/div>\n\t\t\t\t\t<\/div>\n\t\t<\/section>\n\t\t\t\t\t<\/div>\n\t\t<\/div>\n\t\t\t\t\t<\/div>\n\t\t<\/section>\n\t\t\t\t<\/div>\n\t\t","protected":false},"excerpt":{"rendered":"<p>PARTICIPAN ALUMNOS DE LA UTT EN EL PROGRAMA \u201cSI BEBES NO MANEJES\u201d J\u00f3venes experimentaron los riesgos de conducir bajo los efectos del alcohol Alumnos de la Universidad Tecnol\u00f3gica de Tijuana (UTT) participaron en el programa \u201cSi bebes no manejes\u201d, que impulsa el gobierno municipal para hacer consciencia entre los j\u00f3venes sobre los riesgos de conducir un veh\u00edculo bajo los influjos del alcohol. En apego a la pol\u00edtica de la Gobernadora Marina del Pilar Avila Olmeda de trabajar en coordinaci\u00f3n con todas las instancias de gobierno para beneficio de la poblaci\u00f3n, el rector de la UTT, Salvador Morales Riub\u00ed, destac\u00f3 que las puertas de la universidad est\u00e1n abiertas para programas como estos, que son de gran impacto para los estudiantes. Resalt\u00f3 que para la instituci\u00f3n es de suma importancia la vinculaci\u00f3n con la sociedad y con los gobiernos, as\u00ed como incidir en la formaci\u00f3n integral de los estudiantes. \u201cNos interesa desde la UTT generar y promover el talento y las capacidades de nuestros alumnos para que se inserten en la sociedad y den excelentes resultados, pero tambi\u00e9n queremos que cuando ustedes egresen de esta, su casa, su Alma Mater, puedan caminar tranquilamente hacia la sociedad y ser recibidos de la mejor manera\u201d, expres\u00f3. Agradeci\u00f3 al gobierno que encabeza Montserrat Caballero Ram\u00edrez por tomar en cuenta a la UTT para formar parte de este programa, en el que participaron alrededor de 100 alumnos de diferentes carreras. La actividad consisti\u00f3 en invitar a los j\u00f3venes a conducir carros de golf y a realizar recorridos con obst\u00e1culos, pero deb\u00edan llevar puestos unos lentes que comprometen la visibilidad como si hubieran ingerido alcohol, lo que les dificultaba avanzar y cumplir los retos. El delegado de La Presa Este, Elvis Arce Beltr\u00e1n, agradeci\u00f3 las facilidades que otorg\u00f3 la universidad para llevar el mensaje a los estudiantes contra el consumo del alcohol y refrend\u00f3 su compromiso de mantener el trabajo coordinado con la instituci\u00f3n y su comunidad. En el primer evento que encabeza como rector de la UTT, Morales Riub\u00ed atestigu\u00f3 la participaci\u00f3n de los estudiantes en las din\u00e1micas, que se dividieron en tres m\u00f3dulos. La UTT cuenta con una matr\u00edcula de tres mil estudiantes en Tijuana y 185 en Ensenada, de los cuales el 75% se encuentra en el rango de los 19 a los 23 a\u00f1os de edad.<\/p>\n","protected":false},"author":2,"featured_media":0,"parent":0,"menu_order":0,"comment_status":"closed","ping_status":"closed","template":"","meta":{"_monsterinsights_skip_tracking":false,"_monsterinsights_sitenote_active":false,"_monsterinsights_sitenote_note":"","_monsterinsights_sitenote_category":0,"_uf_show_specific_survey":0,"_uf_disable_surveys":false,"site-sidebar-layout":"no-sidebar","site-content-layout":"page-builder","ast-site-content-layout":"default","site-content-style":"default","site-sidebar-style":"default","ast-global-header-display":"","ast-banner-title-visibility":"","ast-main-header-display":"","ast-hfb-above-header-display":"","ast-hfb-below-header-display":"","ast-hfb-mobile-header-display":"","site-post-title":"disabled","ast-breadcrumbs-content":"","ast-featured-img":"disabled","footer-sml-layout":"","ast-disable-related-posts":"","theme-transparent-header-meta":"","adv-header-id-meta":"","stick-header-meta":"","header-above-stick-meta":"","header-main-stick-meta":"","header-below-stick-meta":"","astra-migrate-meta-layouts":"default","ast-page-background-enabled":"default","ast-page-background-meta":{"desktop":{"background-color":"","background-image":"","background-repeat":"repeat","background-position":"center center","background-size":"auto","background-attachment":"scroll","background-type":"","background-media":"","overlay-type":"","overlay-color":"","overlay-opacity":"","overlay-gradient":""},"tablet":{"background-color":"","background-image":"","background-repeat":"repeat","background-position":"center center","background-size":"auto","background-attachment":"scroll","background-type":"","background-media":"","overlay-type":"","overlay-color":"","overlay-opacity":"","overlay-gradient":""},"mobile":{"background-color":"","background-image":"","background-repeat":"repeat","background-position":"center center","background-size":"auto","background-attachment":"scroll","background-type":"","background-media":"","overlay-type":"","overlay-color":"","overlay-opacity":"","overlay-gradient":""}},"ast-content-background-meta":{"desktop":{"background-color":"var(--ast-global-color-5)","background-image":"","background-repeat":"repeat","background-position":"center center","background-size":"auto","background-attachment":"scroll","background-type":"","background-media":"","overlay-type":"","overlay-color":"","overlay-opacity":"","overlay-gradient":""},"tablet":{"background-color":"var(--ast-global-color-5)","background-image":"","background-repeat":"repeat","background-position":"center center","background-size":"auto","background-attachment":"scroll","background-type":"","background-media":"","overlay-type":"","overlay-color":"","overlay-opacity":"","overlay-gradient":""},"mobile":{"background-color":"var(--ast-global-color-5)","background-image":"","background-repeat":"repeat","background-position":"center center","background-size":"auto","background-attachment":"scroll","background-type":"","background-media":"","overlay-type":"","overlay-color":"","overlay-opacity":"","overlay-gradient":""}},"footnotes":""},"class_list":["post-9504","page","type-page","status-publish","hentry"],"_links":{"self":[{"href":"https:\/\/uttijuana.edu.mx\/index.php\/wp-json\/wp\/v2\/pages\/9504","targetHints":{"allow":["GET"]}}],"collection":[{"href":"https:\/\/uttijuana.edu.mx\/index.php\/wp-json\/wp\/v2\/pages"}],"about":[{"href":"https:\/\/uttijuana.edu.mx\/index.php\/wp-json\/wp\/v2\/types\/page"}],"author":[{"embeddable":true,"href":"https:\/\/uttijuana.edu.mx\/index.php\/wp-json\/wp\/v2\/users\/2"}],"replies":[{"embeddable":true,"href":"https:\/\/uttijuana.edu.mx\/index.php\/wp-json\/wp\/v2\/comments?post=9504"}],"version-history":[{"count":5,"href":"https:\/\/uttijuana.edu.mx\/index.php\/wp-json\/wp\/v2\/pages\/9504\/revisions"}],"predecessor-version":[{"id":9513,"href":"https:\/\/uttijuana.edu.mx\/index.php\/wp-json\/wp\/v2\/pages\/9504\/revisions\/9513"}],"wp:attachment":[{"href":"https:\/\/uttijuana.edu.mx\/index.php\/wp-json\/wp\/v2\/media?parent=9504"}],"curies":[{"name":"wp","href":"https:\/\/api.w.org\/{rel}","templated":true}]}}